Last updated on 2022-04-24 03:52:30 CEST.
Flavor | Version | Tinstall | Tcheck | Ttotal | Status | Flags |
---|---|---|---|---|---|---|
r-devel-linux-x86_64-debian-clang | 5.2-0 | 44.80 | 279.75 | 324.55 | OK | |
r-devel-linux-x86_64-debian-gcc | 5.2-0 | 39.32 | 206.70 | 246.02 | OK | |
r-devel-linux-x86_64-fedora-clang | 5.2-0 | 422.01 | NOTE | |||
r-devel-linux-x86_64-fedora-gcc | 5.2-0 | 405.18 | OK | |||
r-patched-linux-x86_64 | 5.2-0 | 48.29 | 271.83 | 320.12 | OK | |
r-release-linux-x86_64 | 5.2-0 | 37.56 | 260.97 | 298.53 | OK | |
r-release-macos-arm64 | 5.2-0 | OK | ||||
r-release-macos-x86_64 | 5.2-0 | OK | ||||
r-release-windows-x86_64 | 5.2-0 | 71.00 | 270.00 | 341.00 | OK | |
r-oldrel-macos-arm64 | 5.2-0 | OK | ||||
r-oldrel-macos-x86_64 | 5.2-0 | OK | ||||
r-oldrel-windows-ix86+x86_64 | 5.2-0 | 76.00 | 283.00 | 359.00 | OK |
Version: 5.2-0
Check: Rd cross-references
Result: NOTE
Undeclared packages ‘netmeta’, ‘metasens’, ‘robumeta’ in Rd xrefs
Flavor: r-devel-linux-x86_64-fedora-clang