Last updated on 2022-04-24 03:52:30 CEST.
Flavor | Version | Tinstall | Tcheck | Ttotal | Status | Flags |
---|---|---|---|---|---|---|
r-devel-linux-x86_64-debian-clang | 2.1.1 | 15.35 | 100.11 | 115.46 | NOTE | |
r-devel-linux-x86_64-debian-gcc | 2.1.1 | 12.10 | 75.76 | 87.86 | NOTE | |
r-devel-linux-x86_64-fedora-clang | 2.1.1 | 141.57 | OK | |||
r-devel-linux-x86_64-fedora-gcc | 2.1.1 | 133.12 | OK | |||
r-patched-linux-x86_64 | 2.1.1 | 13.79 | 97.51 | 111.30 | NOTE | |
r-release-linux-x86_64 | 2.1.1 | 12.11 | 94.16 | 106.27 | NOTE | |
r-release-macos-arm64 | 2.1.1 | NOTE | ||||
r-release-macos-x86_64 | 2.1.1 | NOTE | ||||
r-release-windows-x86_64 | 2.1.1 | 59.00 | 110.00 | 169.00 | NOTE | |
r-oldrel-macos-arm64 | 2.1.1 | NOTE | ||||
r-oldrel-macos-x86_64 | 2.1.1 | NOTE | ||||
r-oldrel-windows-ix86+x86_64 | 2.1.1 | 26.00 | 109.00 | 135.00 | OK |
Version: 2.1.1
Check: package dependencies
Result: NOTE
Package suggested but not available for checking: 'INLA'
Flavors: r-devel-linux-x86_64-debian-clang, r-devel-linux-x86_64-debian-gcc, r-patched-linux-x86_64, r-release-linux-x86_64, r-release-macos-arm64, r-release-macos-x86_64, r-release-windows-x86_64, r-oldrel-macos-arm64, r-oldrel-macos-x86_64