Last updated on 2022-04-24 03:52:30 CEST.
Flavor | Version | Tinstall | Tcheck | Ttotal | Status | Flags |
---|---|---|---|---|---|---|
r-devel-linux-x86_64-debian-clang | 0.6.7 | 864.61 | 282.44 | 1147.05 | NOTE | |
r-devel-linux-x86_64-debian-gcc | 0.6.7 | 825.23 | 238.22 | 1063.45 | NOTE | |
r-devel-linux-x86_64-fedora-clang | 0.6.7 | 1696.68 | NOTE | |||
r-devel-linux-x86_64-fedora-gcc | 0.6.7 | 1759.30 | NOTE | |||
r-patched-linux-x86_64 | 0.6.7 | 754.65 | 316.02 | 1070.67 | NOTE | |
r-release-linux-x86_64 | 0.6.7 | 636.60 | 285.12 | 921.72 | NOTE | |
r-release-macos-arm64 | 0.6.7 | NOTE | ||||
r-release-macos-x86_64 | 0.6.7 | NOTE | ||||
r-release-windows-x86_64 | 0.6.7 | 592.00 | 369.00 | 961.00 | NOTE | |
r-oldrel-macos-arm64 | 0.6.7 | NOTE | ||||
r-oldrel-macos-x86_64 | 0.6.7 | NOTE | ||||
r-oldrel-windows-ix86+x86_64 | 0.6.7 | 1460.00 | 9.00 | 1469.00 | ERROR |
Version: 0.6.7
Check: for GNU extensions in Makefiles
Result: NOTE
GNU make is a SystemRequirements.
Flavors: r-devel-linux-x86_64-debian-clang, r-devel-linux-x86_64-debian-gcc, r-devel-linux-x86_64-fedora-clang, r-devel-linux-x86_64-fedora-gcc, r-patched-linux-x86_64, r-release-linux-x86_64, r-release-macos-arm64, r-release-macos-x86_64, r-release-windows-x86_64, r-oldrel-macos-arm64, r-oldrel-macos-x86_64
Version: 0.6.7
Check: installed package size
Result: NOTE
installed size is 83.1Mb
sub-directories of 1Mb or more:
libs 82.4Mb
Flavors: r-devel-linux-x86_64-fedora-clang, r-release-macos-arm64, r-release-macos-x86_64, r-release-windows-x86_64, r-oldrel-macos-arm64, r-oldrel-macos-x86_64
Version: 0.6.7
Check: whether package can be installed
Result: ERROR
Installation failed.
Flavor: r-oldrel-windows-ix86+x86_64