Last updated on 2022-04-24 03:52:30 CEST.
Flavor | Version | Tinstall | Tcheck | Ttotal | Status | Flags |
---|---|---|---|---|---|---|
r-devel-linux-x86_64-debian-clang | 1.0.1 | 4.69 | 46.67 | 51.36 | NOTE | |
r-devel-linux-x86_64-debian-gcc | 1.0.1 | 2.71 | 35.16 | 37.87 | NOTE | |
r-devel-linux-x86_64-fedora-clang | 1.0.1 | 62.57 | NOTE | |||
r-devel-linux-x86_64-fedora-gcc | 1.0.1 | 70.05 | NOTE | |||
r-patched-linux-x86_64 | 1.0.1 | 4.18 | 44.44 | 48.62 | NOTE | |
r-release-linux-x86_64 | 1.0.1 | 4.16 | 43.32 | 47.48 | NOTE | |
r-release-macos-arm64 | 1.0.1 | NOTE | ||||
r-release-macos-x86_64 | 1.0.1 | NOTE | ||||
r-release-windows-x86_64 | 1.0.1 | 75.00 | 64.00 | 139.00 | NOTE | |
r-oldrel-macos-arm64 | 1.0.1 | NOTE | ||||
r-oldrel-macos-x86_64 | 1.0.1 | NOTE | ||||
r-oldrel-windows-ix86+x86_64 | 1.0.1 | 7.00 | 56.00 | 63.00 | NOTE |
Version: 1.0.1
Check: LazyData
Result: NOTE
'LazyData' is specified without a 'data' directory
Flavors: r-devel-linux-x86_64-debian-clang, r-devel-linux-x86_64-debian-gcc, r-devel-linux-x86_64-fedora-clang, r-devel-linux-x86_64-fedora-gcc, r-patched-linux-x86_64, r-release-linux-x86_64, r-release-macos-arm64, r-release-macos-x86_64, r-release-windows-x86_64, r-oldrel-macos-arm64, r-oldrel-macos-x86_64, r-oldrel-windows-ix86+x86_64