Last updated on 2022-04-24 03:52:30 CEST.
Flavor | Version | Tinstall | Tcheck | Ttotal | Status | Flags |
---|---|---|---|---|---|---|
r-devel-linux-x86_64-debian-clang | 3.1.3 | 4.62 | 53.93 | 58.55 | OK | |
r-devel-linux-x86_64-debian-gcc | 3.1.3 | 3.12 | 41.47 | 44.59 | OK | |
r-devel-linux-x86_64-fedora-clang | 3.1.3 | 78.20 | OK | |||
r-devel-linux-x86_64-fedora-gcc | 3.1.3 | 63.52 | OK | |||
r-patched-linux-x86_64 | 3.1.3 | 4.49 | 51.81 | 56.30 | OK | |
r-release-linux-x86_64 | 3.1.3 | 3.91 | 50.15 | 54.06 | OK | |
r-release-macos-arm64 | 3.1.3 | NOTE | ||||
r-release-macos-x86_64 | 3.1.3 | OK | ||||
r-release-windows-x86_64 | 3.1.3 | 22.00 | 87.00 | 109.00 | OK | |
r-oldrel-macos-arm64 | 3.1.3 | NOTE | ||||
r-oldrel-macos-x86_64 | 3.1.3 | OK | ||||
r-oldrel-windows-ix86+x86_64 | 3.1.3 | 8.00 | 65.00 | 73.00 | OK |
Version: 3.1.3
Check: package dependencies
Result: NOTE
Package suggested but not available for checking: ‘hgu133a.db’
Flavors: r-release-macos-arm64, r-oldrel-macos-arm64