Last updated on 2022-04-24 03:52:30 CEST.
Flavor | Version | Tinstall | Tcheck | Ttotal | Status | Flags |
---|---|---|---|---|---|---|
r-devel-linux-x86_64-debian-clang | 0.3 | 17.26 | 156.51 | 173.77 | OK | |
r-devel-linux-x86_64-debian-gcc | 0.3 | 14.02 | 117.64 | 131.66 | OK | |
r-devel-linux-x86_64-fedora-clang | 0.3 | 210.95 | OK | |||
r-devel-linux-x86_64-fedora-gcc | 0.3 | 195.57 | OK | |||
r-patched-linux-x86_64 | 0.3 | 15.21 | 148.86 | 164.07 | OK | |
r-release-linux-x86_64 | 0.3 | 14.81 | 139.19 | 154.00 | OK | |
r-release-macos-arm64 | 0.3 | ERROR | ||||
r-release-macos-x86_64 | 0.3 | ERROR | ||||
r-release-windows-x86_64 | 0.3 | 28.00 | 175.00 | 203.00 | OK | |
r-oldrel-macos-arm64 | 0.3 | ERROR | ||||
r-oldrel-macos-x86_64 | 0.3 | ERROR | ||||
r-oldrel-windows-ix86+x86_64 | 0.3 | 35.00 | 196.00 | 231.00 | OK |
Version: 0.3
Check: package dependencies
Result: ERROR
Package required but not available: ‘Rmpi’
See section ‘The DESCRIPTION file’ in the ‘Writing R Extensions’
manual.
Flavors: r-release-macos-arm64, r-release-macos-x86_64, r-oldrel-macos-arm64, r-oldrel-macos-x86_64