Last updated on 2022-04-24 03:52:30 CEST.
Flavor | Version | Tinstall | Tcheck | Ttotal | Status | Flags |
---|---|---|---|---|---|---|
r-devel-linux-x86_64-debian-clang | 0.1.0 | 1.67 | 32.42 | 34.09 | OK | |
r-devel-linux-x86_64-debian-gcc | 0.1.0 | 1.95 | 25.36 | 27.31 | OK | |
r-devel-linux-x86_64-fedora-clang | 0.1.0 | 43.21 | NOTE | |||
r-devel-linux-x86_64-fedora-gcc | 0.1.0 | 31.50 | NOTE | |||
r-patched-linux-x86_64 | 0.1.0 | 2.45 | 31.45 | 33.90 | OK | |
r-release-linux-x86_64 | 0.1.0 | 1.53 | 30.32 | 31.85 | OK | |
r-release-macos-arm64 | 0.1.0 | NOTE | ||||
r-release-macos-x86_64 | 0.1.0 | NOTE | ||||
r-release-windows-x86_64 | 0.1.0 | 21.00 | 47.00 | 68.00 | OK | |
r-oldrel-macos-arm64 | 0.1.0 | NOTE | ||||
r-oldrel-macos-x86_64 | 0.1.0 | NOTE | ||||
r-oldrel-windows-ix86+x86_64 | 0.1.0 | 6.00 | 39.00 | 45.00 | OK |
Version: 0.1.0
Check: dependencies in R code
Result: NOTE
Namespace in Imports field not imported from: ‘survival’
All declared Imports should be used.
Flavors: r-devel-linux-x86_64-fedora-clang, r-devel-linux-x86_64-fedora-gcc, r-release-macos-arm64, r-release-macos-x86_64, r-oldrel-macos-arm64, r-oldrel-macos-x86_64