Last updated on 2022-04-24 03:52:30 CEST.
Flavor | Version | Tinstall | Tcheck | Ttotal | Status | Flags |
---|---|---|---|---|---|---|
r-devel-linux-x86_64-debian-clang | 0.1.0 | 5.15 | 65.87 | 71.02 | OK | |
r-devel-linux-x86_64-debian-gcc | 0.1.0 | 3.73 | 49.51 | 53.24 | OK | |
r-devel-linux-x86_64-fedora-clang | 0.1.0 | 89.02 | NOTE | |||
r-devel-linux-x86_64-fedora-gcc | 0.1.0 | 75.22 | NOTE | |||
r-patched-linux-x86_64 | 0.1.0 | 6.23 | 61.32 | 67.55 | OK | |
r-release-linux-x86_64 | 0.1.0 | 5.05 | 59.41 | 64.46 | OK | |
r-release-macos-arm64 | 0.1.0 | NOTE | ||||
r-release-macos-x86_64 | 0.1.0 | NOTE | ||||
r-release-windows-x86_64 | 0.1.0 | 26.00 | 79.00 | 105.00 | OK | |
r-oldrel-macos-arm64 | 0.1.0 | NOTE | ||||
r-oldrel-macos-x86_64 | 0.1.0 | NOTE | ||||
r-oldrel-windows-ix86+x86_64 | 0.1.0 | 13.00 | 71.00 | 84.00 | OK |
Version: 0.1.0
Check: data for non-ASCII characters
Result: NOTE
Note: found 37 marked UTF-8 strings
Flavors: r-devel-linux-x86_64-fedora-clang, r-devel-linux-x86_64-fedora-gcc, r-release-macos-arm64, r-release-macos-x86_64, r-oldrel-macos-arm64, r-oldrel-macos-x86_64