Last updated on 2022-04-24 03:52:30 CEST.
Flavor | Version | Tinstall | Tcheck | Ttotal | Status | Flags |
---|---|---|---|---|---|---|
r-devel-linux-x86_64-debian-clang | 1.2-0 | 5.50 | 54.97 | 60.47 | OK | |
r-devel-linux-x86_64-debian-gcc | 1.2-0 | 4.10 | 41.27 | 45.37 | OK | |
r-devel-linux-x86_64-fedora-clang | 1.2-0 | 75.58 | OK | |||
r-devel-linux-x86_64-fedora-gcc | 1.2-0 | 62.96 | OK | |||
r-patched-linux-x86_64 | 1.2-0 | 7.49 | 51.89 | 59.38 | OK | |
r-release-linux-x86_64 | 1.2-0 | 3.90 | 51.39 | 55.29 | OK | |
r-release-macos-arm64 | 1.2-0 | OK | ||||
r-release-macos-x86_64 | 1.2-0 | OK | ||||
r-release-windows-x86_64 | 1.2-0 | 99.00 | 88.00 | 187.00 | OK | |
r-oldrel-macos-arm64 | 1.2-0 | OK | ||||
r-oldrel-macos-x86_64 | 1.2-0 | OK | ||||
r-oldrel-windows-ix86+x86_64 | 1.2-0 | 10.00 | 76.00 | 86.00 | ERROR |
Version: 1.2-0
Check: PDF version of manual
Result: WARN
LaTeX errors when creating PDF version.
This typically indicates Rd problems.
LaTeX errors found:
! Package inputenc Error: Unicode char รข<c2><80><c2><90> (U+2010)
(inputenc) not set up for use with LaTeX.
See the inputenc package documentation for explanation.
Type H <return> for immediate help.
Flavor: r-oldrel-windows-ix86+x86_64
Version: 1.2-0
Check: PDF version of manual without hyperrefs or index
Result: ERROR
Flavor: r-oldrel-windows-ix86+x86_64