Last updated on 2022-04-24 03:52:30 CEST.
Flavor | Version | Tinstall | Tcheck | Ttotal | Status | Flags |
---|---|---|---|---|---|---|
r-devel-linux-x86_64-debian-clang | 0.0.2 | 25.77 | 150.57 | 176.34 | OK | |
r-devel-linux-x86_64-debian-gcc | 0.0.2 | 24.64 | 99.39 | 124.03 | OK | |
r-devel-linux-x86_64-fedora-clang | 0.0.2 | 243.86 | OK | |||
r-devel-linux-x86_64-fedora-gcc | 0.0.2 | 204.52 | OK | |||
r-patched-linux-x86_64 | 0.0.2 | 27.36 | 142.81 | 170.17 | OK | |
r-release-linux-x86_64 | 0.0.2 | 24.90 | 140.86 | 165.76 | OK | |
r-release-macos-arm64 | 0.0.2 | ERROR | ||||
r-release-macos-x86_64 | 0.0.2 | OK | ||||
r-release-windows-x86_64 | 0.0.2 | 104.00 | 176.00 | 280.00 | OK | |
r-oldrel-macos-arm64 | 0.0.2 | ERROR | ||||
r-oldrel-macos-x86_64 | 0.0.2 | OK | ||||
r-oldrel-windows-ix86+x86_64 | 0.0.2 | 65.00 | 301.00 | 366.00 | OK |
Version: 0.0.2
Check: whether package can be installed
Result: ERROR
Installation failed.
Flavors: r-release-macos-arm64, r-oldrel-macos-arm64