Last updated on 2022-04-24 03:52:30 CEST.
Flavor | Version | Tinstall | Tcheck | Ttotal | Status | Flags |
---|---|---|---|---|---|---|
r-devel-linux-x86_64-debian-clang | 3.4-0 | 69.84 | 545.71 | 615.55 | OK | |
r-devel-linux-x86_64-debian-gcc | 3.4-0 | 58.12 | 378.87 | 436.99 | OK | |
r-devel-linux-x86_64-fedora-clang | 3.4-0 | 745.11 | OK | |||
r-devel-linux-x86_64-fedora-gcc | 3.4-0 | 734.94 | OK | |||
r-patched-linux-x86_64 | 3.4-0 | 69.00 | 497.75 | 566.75 | OK | |
r-release-linux-x86_64 | 3.0-2 | 53.15 | 495.10 | 548.25 | OK | |
r-release-macos-arm64 | 3.0-2 | NOTE | ||||
r-release-macos-x86_64 | 3.0-2 | OK | ||||
r-release-windows-x86_64 | 3.0-2 | 240.00 | 525.00 | 765.00 | OK | |
r-oldrel-macos-arm64 | 3.0-2 | NOTE | ||||
r-oldrel-macos-x86_64 | 3.0-2 | OK | ||||
r-oldrel-windows-ix86+x86_64 | 3.4-0 | 100.00 | 553.00 | 653.00 | OK |
Version: 3.0-2
Check: installed package size
Result: NOTE
installed size is 5.1Mb
sub-directories of 1Mb or more:
R 2.0Mb
help 1.8Mb
Flavors: r-release-macos-arm64, r-oldrel-macos-arm64