Last updated on 2022-04-24 03:52:30 CEST.
Flavor | Version | Tinstall | Tcheck | Ttotal | Status | Flags |
---|---|---|---|---|---|---|
r-devel-linux-x86_64-debian-clang | 0.7 | 15.15 | 142.38 | 157.53 | OK | |
r-devel-linux-x86_64-debian-gcc | 0.7 | 11.11 | 108.28 | 119.39 | OK | |
r-devel-linux-x86_64-fedora-clang | 0.7 | 203.01 | OK | |||
r-devel-linux-x86_64-fedora-gcc | 0.7 | 188.28 | OK | |||
r-patched-linux-x86_64 | 0.7 | 13.28 | 140.70 | 153.98 | OK | |
r-release-linux-x86_64 | 0.7 | 12.41 | 126.17 | 138.58 | OK | |
r-release-macos-arm64 | 0.7 | NOTE | ||||
r-release-macos-x86_64 | 0.7 | OK | ||||
r-release-windows-x86_64 | 0.7 | 94.00 | 132.00 | 226.00 | OK | |
r-oldrel-macos-arm64 | 0.7 | NOTE | ||||
r-oldrel-macos-x86_64 | 0.7 | OK | ||||
r-oldrel-windows-ix86+x86_64 | 0.7 | 27.00 | 127.00 | 154.00 | OK |
Version: 0.7
Check: package dependencies
Result: NOTE
Package suggested but not available for checking: ‘EBImage’
Flavors: r-release-macos-arm64, r-oldrel-macos-arm64