Last updated on 2022-04-24 03:52:30 CEST.
Flavor | Version | Tinstall | Tcheck | Ttotal | Status | Flags |
---|---|---|---|---|---|---|
r-devel-linux-x86_64-debian-clang | 0.2.3 | 12.42 | 123.84 | 136.26 | NOTE | |
r-devel-linux-x86_64-debian-gcc | 0.2.3 | 9.28 | 91.12 | 100.40 | NOTE | |
r-devel-linux-x86_64-fedora-clang | 0.2.3 | 162.92 | NOTE | |||
r-devel-linux-x86_64-fedora-gcc | 0.2.3 | 163.39 | NOTE | |||
r-patched-linux-x86_64 | 0.2.3 | 10.44 | 115.35 | 125.79 | NOTE | |
r-release-linux-x86_64 | 0.2.3 | 10.32 | 116.59 | 126.91 | NOTE | |
r-release-macos-arm64 | 0.2.3 | OK | ||||
r-release-macos-x86_64 | 0.2.3 | WARN | ||||
r-release-windows-x86_64 | 0.2.3 | 38.00 | 148.00 | 186.00 | OK | |
r-oldrel-macos-arm64 | 0.2.3 | OK | ||||
r-oldrel-macos-x86_64 | 0.2.3 | WARN | ||||
r-oldrel-windows-ix86+x86_64 | 0.2.3 | 29.00 | 147.00 | 176.00 | OK |
Version: 0.2.3
Check: package dependencies
Result: NOTE
Suggests orphaned package: 'udunits2'
Flavors: r-devel-linux-x86_64-debian-clang, r-devel-linux-x86_64-debian-gcc, r-devel-linux-x86_64-fedora-clang, r-devel-linux-x86_64-fedora-gcc, r-patched-linux-x86_64, r-release-linux-x86_64
Version: 0.2.3
Check: package dependencies
Result: NOTE
Package suggested but not available for checking: ‘udunits2’
Flavors: r-release-macos-x86_64, r-oldrel-macos-x86_64
Version: 0.2.3
Check: re-building of vignette outputs
Result: WARN
Error(s) in re-building vignettes:
--- re-building ‘dataset-batch-processing.Rmd’ using rmarkdown
Warning in engine$weave(file, quiet = quiet, encoding = enc) :
Pandoc (>= 1.12.3) not available. Falling back to R Markdown v1.
Quitting from lines 31-41 (dataset-batch-processing.Rmd)
Error: processing vignette 'dataset-batch-processing.Rmd' failed with diagnostics:
there is no package called 'udunits2'
--- failed re-building ‘dataset-batch-processing.Rmd’
--- re-building ‘dataset-single.Rmd’ using rmarkdown
Warning in engine$weave(file, quiet = quiet, encoding = enc) :
Pandoc (>= 1.12.3) not available. Falling back to R Markdown v1.
--- finished re-building ‘dataset-single.Rmd’
--- re-building ‘package-download.Rmd’ using rmarkdown
Warning in engine$weave(file, quiet = quiet, encoding = enc) :
Pandoc (>= 1.12.3) not available. Falling back to R Markdown v1.
--- finished re-building ‘package-download.Rmd’
--- re-building ‘reading-raster.Rmd’ using rmarkdown
Warning in engine$weave(file, quiet = quiet, encoding = enc) :
Pandoc (>= 1.12.3) not available. Falling back to R Markdown v1.
--- finished re-building ‘reading-raster.Rmd’
SUMMARY: processing the following file failed:
‘dataset-batch-processing.Rmd’
Error: Vignette re-building failed.
Execution halted
Flavors: r-release-macos-x86_64, r-oldrel-macos-x86_64