Last updated on 2022-04-24 03:52:30 CEST.
Flavor | Version | Tinstall | Tcheck | Ttotal | Status | Flags |
---|---|---|---|---|---|---|
r-devel-linux-x86_64-debian-clang | 0.1.5 | 1.99 | 37.31 | 39.30 | NOTE | |
r-devel-linux-x86_64-debian-gcc | 0.1.5 | 2.00 | 29.06 | 31.06 | NOTE | |
r-devel-linux-x86_64-fedora-clang | 0.1.5 | 50.66 | NOTE | |||
r-devel-linux-x86_64-fedora-gcc | 0.1.5 | 38.66 | NOTE | |||
r-patched-linux-x86_64 | 0.1.5 | 6.89 | 36.81 | 43.70 | NOTE | |
r-release-linux-x86_64 | 0.1.5 | 1.49 | 35.39 | 36.88 | NOTE | |
r-release-macos-arm64 | 0.1.5 | NOTE | ||||
r-release-macos-x86_64 | 0.1.5 | NOTE | ||||
r-release-windows-x86_64 | 0.1.5 | 12.00 | 55.00 | 67.00 | NOTE | |
r-oldrel-macos-arm64 | 0.1.5 | NOTE | ||||
r-oldrel-macos-x86_64 | 0.1.5 | NOTE | ||||
r-oldrel-windows-ix86+x86_64 | 0.1.5 | 6.00 | 44.00 | 50.00 | NOTE |
Version: 0.1.5
Check: LazyData
Result: NOTE
'LazyData' is specified without a 'data' directory
Flavors: r-devel-linux-x86_64-debian-clang, r-devel-linux-x86_64-debian-gcc, r-devel-linux-x86_64-fedora-clang, r-devel-linux-x86_64-fedora-gcc, r-patched-linux-x86_64, r-release-linux-x86_64, r-release-macos-arm64, r-release-macos-x86_64, r-release-windows-x86_64, r-oldrel-macos-arm64, r-oldrel-macos-x86_64, r-oldrel-windows-ix86+x86_64