Last updated on 2022-04-24 03:52:30 CEST.
Flavor | Version | Tinstall | Tcheck | Ttotal | Status | Flags |
---|---|---|---|---|---|---|
r-devel-linux-x86_64-debian-clang | 1.2 | 16.70 | 215.36 | 232.06 | OK | |
r-devel-linux-x86_64-debian-gcc | 1.2 | 10.95 | 156.07 | 167.02 | OK | |
r-devel-linux-x86_64-fedora-clang | 1.2 | 276.82 | NOTE | |||
r-devel-linux-x86_64-fedora-gcc | 1.2 | 262.00 | NOTE | |||
r-patched-linux-x86_64 | 1.2 | 11.19 | 201.60 | 212.79 | OK | |
r-release-linux-x86_64 | 1.2 | 14.57 | 189.58 | 204.15 | OK | |
r-release-macos-arm64 | 1.2 | NOTE | ||||
r-release-macos-x86_64 | 1.2 | NOTE | ||||
r-release-windows-x86_64 | 1.2 | 84.00 | 222.00 | 306.00 | OK | |
r-oldrel-macos-arm64 | 1.2 | NOTE | ||||
r-oldrel-macos-x86_64 | 1.2 | NOTE | ||||
r-oldrel-windows-ix86+x86_64 | 1.2 | 32.00 | 218.00 | 250.00 | OK |
Version: 1.2
Check: dependencies in R code
Result: NOTE
Namespace in Imports field not imported from: ‘lmerTest’
All declared Imports should be used.
Flavors: r-devel-linux-x86_64-fedora-clang, r-devel-linux-x86_64-fedora-gcc, r-release-macos-arm64, r-release-macos-x86_64, r-oldrel-macos-arm64, r-oldrel-macos-x86_64