Last updated on 2022-04-24 03:52:30 CEST.
Flavor | Version | Tinstall | Tcheck | Ttotal | Status | Flags |
---|---|---|---|---|---|---|
r-devel-linux-x86_64-debian-clang | 0.1.5 | 476.48 | 90.34 | 566.82 | OK | |
r-devel-linux-x86_64-debian-gcc | 0.1.5 | 383.95 | 69.27 | 453.22 | OK | |
r-devel-linux-x86_64-fedora-clang | 0.1.5 | 873.04 | NOTE | |||
r-devel-linux-x86_64-fedora-gcc | 0.1.5 | 734.47 | OK | |||
r-patched-linux-x86_64 | 0.1.5 | 412.23 | 87.76 | 499.99 | OK | |
r-release-linux-x86_64 | 0.1.5 | 405.22 | 84.28 | 489.50 | OK | |
r-release-macos-arm64 | 0.1.5 | NOTE | ||||
r-release-macos-x86_64 | 0.1.5 | NOTE | ||||
r-release-windows-x86_64 | 0.1.5 | 331.00 | 131.00 | 462.00 | OK | |
r-oldrel-macos-arm64 | 0.1.5 | NOTE | ||||
r-oldrel-macos-x86_64 | 0.1.5 | NOTE | ||||
r-oldrel-windows-ix86+x86_64 | 0.1.5 | 1054.00 | 137.00 | 1191.00 | NOTE |
Version: 0.1.5
Check: installed package size
Result: NOTE
installed size is 19.4Mb
sub-directories of 1Mb or more:
libs 19.0Mb
Flavors: r-devel-linux-x86_64-fedora-clang, r-release-macos-arm64, r-release-macos-x86_64, r-oldrel-macos-arm64, r-oldrel-macos-x86_64, r-oldrel-windows-ix86+x86_64