Last updated on 2022-04-24 03:52:30 CEST.
Flavor | Version | Tinstall | Tcheck | Ttotal | Status | Flags |
---|---|---|---|---|---|---|
r-devel-linux-x86_64-debian-clang | 0.0.3 | 1.69 | 62.29 | 63.98 | NOTE | |
r-devel-linux-x86_64-debian-gcc | 0.0.3 | 1.77 | 46.09 | 47.86 | NOTE | |
r-devel-linux-x86_64-fedora-clang | 0.0.3 | 79.24 | OK | |||
r-devel-linux-x86_64-fedora-gcc | 0.0.3 | 66.84 | OK | |||
r-patched-linux-x86_64 | 0.0.3 | 2.48 | 58.78 | 61.26 | NOTE | |
r-release-linux-x86_64 | 0.0.3 | 1.57 | 54.75 | 56.32 | NOTE | |
r-release-macos-arm64 | 0.0.3 | OK | ||||
r-release-macos-x86_64 | 0.0.3 | OK | ||||
r-release-windows-x86_64 | 0.0.3 | 17.00 | 79.00 | 96.00 | NOTE | |
r-oldrel-macos-arm64 | 0.0.3 | OK | ||||
r-oldrel-macos-x86_64 | 0.0.3 | OK | ||||
r-oldrel-windows-ix86+x86_64 | 0.0.3 | 6.00 | 68.00 | 74.00 | NOTE |
Version: 0.0.3
Check: package vignettes
Result: NOTE
Package vignette with placeholder title 'Vignette Title':
'how_to_use_crosshairs.Rmd'
Flavors: r-devel-linux-x86_64-debian-clang, r-devel-linux-x86_64-debian-gcc, r-patched-linux-x86_64, r-release-linux-x86_64, r-release-windows-x86_64, r-oldrel-windows-ix86+x86_64