Last updated on 2022-04-24 03:52:30 CEST.
Flavor | Version | Tinstall | Tcheck | Ttotal | Status | Flags |
---|---|---|---|---|---|---|
r-devel-linux-x86_64-debian-clang | 0.2.2 | 7.15 | 92.60 | 99.75 | NOTE | |
r-devel-linux-x86_64-debian-gcc | 0.2.2 | 5.76 | 68.09 | 73.85 | NOTE | |
r-devel-linux-x86_64-fedora-clang | 0.2.2 | 120.01 | NOTE | |||
r-devel-linux-x86_64-fedora-gcc | 0.2.2 | 102.56 | NOTE | |||
r-patched-linux-x86_64 | 0.2.2 | 6.52 | 85.75 | 92.27 | NOTE | |
r-release-linux-x86_64 | 0.2.2 | 6.15 | 82.27 | 88.42 | NOTE | |
r-release-macos-arm64 | 0.2.2 | NOTE | ||||
r-release-macos-x86_64 | 0.2.2 | NOTE | ||||
r-release-windows-x86_64 | 0.2.2 | 40.00 | 107.00 | 147.00 | NOTE | |
r-oldrel-macos-arm64 | 0.2.2 | NOTE | ||||
r-oldrel-macos-x86_64 | 0.2.2 | NOTE | ||||
r-oldrel-windows-ix86+x86_64 | 0.2.2 | 18.00 | 93.00 | 111.00 | NOTE |
Version: 0.2.2
Check: LazyData
Result: NOTE
'LazyData' is specified without a 'data' directory
Flavors: r-devel-linux-x86_64-debian-clang, r-devel-linux-x86_64-debian-gcc, r-devel-linux-x86_64-fedora-clang, r-devel-linux-x86_64-fedora-gcc, r-patched-linux-x86_64, r-release-linux-x86_64, r-release-macos-arm64, r-release-macos-x86_64, r-release-windows-x86_64, r-oldrel-macos-arm64, r-oldrel-macos-x86_64, r-oldrel-windows-ix86+x86_64