Last updated on 2022-04-24 03:52:30 CEST.
Flavor | Version | Tinstall | Tcheck | Ttotal | Status | Flags |
---|---|---|---|---|---|---|
r-devel-linux-x86_64-debian-clang | 1.2.2 | 11.60 | 95.30 | 106.90 | OK | |
r-devel-linux-x86_64-debian-gcc | 1.2.2 | 8.77 | 68.13 | 76.90 | OK | |
r-devel-linux-x86_64-fedora-clang | 1.2.2 | 134.19 | NOTE | |||
r-devel-linux-x86_64-fedora-gcc | 1.2.2 | 109.36 | NOTE | |||
r-patched-linux-x86_64 | 1.2.2 | 9.23 | 88.44 | 97.67 | OK | |
r-release-linux-x86_64 | 1.2.2 | 6.84 | 84.74 | 91.58 | OK | |
r-release-macos-arm64 | 1.2.2 | NOTE | ||||
r-release-macos-x86_64 | 1.2.2 | NOTE | ||||
r-release-windows-x86_64 | 1.2.2 | 49.00 | 108.00 | 157.00 | OK | |
r-oldrel-macos-arm64 | 1.2.2 | NOTE | ||||
r-oldrel-macos-x86_64 | 1.2.2 | NOTE | ||||
r-oldrel-windows-ix86+x86_64 | 1.2.2 | 24.00 | 99.00 | 123.00 | OK |
Version: 1.2.2
Check: dependencies in R code
Result: NOTE
Namespaces in Imports field not imported from:
‘ade4’ ‘dendextend’ ‘ggforce’ ‘ggrepel’ ‘stringr’ ‘tidyverse’
All declared Imports should be used.
Flavors: r-devel-linux-x86_64-fedora-clang, r-devel-linux-x86_64-fedora-gcc, r-release-macos-arm64, r-release-macos-x86_64, r-oldrel-macos-arm64, r-oldrel-macos-x86_64