Last updated on 2022-04-24 03:52:30 CEST.
Flavor | Version | Tinstall | Tcheck | Ttotal | Status | Flags |
---|---|---|---|---|---|---|
r-devel-linux-x86_64-debian-clang | 1.0 | 4.93 | 63.21 | 68.14 | NOTE | |
r-devel-linux-x86_64-debian-gcc | 1.0 | 4.06 | 47.18 | 51.24 | NOTE | |
r-devel-linux-x86_64-fedora-clang | 1.0 | 81.23 | NOTE | |||
r-devel-linux-x86_64-fedora-gcc | 1.0 | 67.22 | NOTE | |||
r-patched-linux-x86_64 | 1.0 | 4.57 | 58.73 | 63.30 | NOTE | |
r-release-linux-x86_64 | 1.0 | 5.02 | 56.94 | 61.96 | NOTE | |
r-release-macos-arm64 | 1.0 | NOTE | ||||
r-release-macos-x86_64 | 1.0 | NOTE | ||||
r-release-windows-x86_64 | 1.0 | 12.00 | 77.00 | 89.00 | NOTE | |
r-oldrel-macos-arm64 | 1.0 | NOTE | ||||
r-oldrel-macos-x86_64 | 1.0 | NOTE | ||||
r-oldrel-windows-ix86+x86_64 | 1.0 | 14.00 | 67.00 | 81.00 | NOTE |
Version: 1.0
Check: R code for possible problems
Result: NOTE
crosssection: no visible global function definition for
'colorRampPalette'
crosssection: no visible global function definition for
'filled.contour'
crosssection: no visible global function definition for 'axis'
crosssection: no visible global function definition for 'par'
crosssection: no visible global function definition for 'contour'
temperatures: no visible binding for global variable 'time'
Undefined global functions or variables:
axis colorRampPalette contour filled.contour par time
Consider adding
importFrom("grDevices", "colorRampPalette")
importFrom("graphics", "axis", "contour", "filled.contour", "par")
importFrom("stats", "time")
to your NAMESPACE file.
Flavors: r-devel-linux-x86_64-debian-clang, r-devel-linux-x86_64-debian-gcc, r-devel-linux-x86_64-fedora-clang, r-devel-linux-x86_64-fedora-gcc, r-patched-linux-x86_64, r-release-linux-x86_64, r-release-macos-arm64, r-release-macos-x86_64, r-release-windows-x86_64, r-oldrel-macos-arm64, r-oldrel-macos-x86_64, r-oldrel-windows-ix86+x86_64