Last updated on 2022-04-24 03:52:30 CEST.
| Flavor | Version | Tinstall | Tcheck | Ttotal | Status | Flags | 
|---|---|---|---|---|---|---|
| r-devel-linux-x86_64-debian-clang | 1.0.2 | 124.15 | 415.01 | 539.16 | WARN | |
| r-devel-linux-x86_64-debian-gcc | 1.0.2 | 103.87 | 295.52 | 399.39 | OK | |
| r-devel-linux-x86_64-fedora-clang | 1.0.2 | 741.26 | WARN | |||
| r-devel-linux-x86_64-fedora-gcc | 1.0.2 | 682.26 | NOTE | |||
| r-patched-linux-x86_64 | 1.0.2 | 109.02 | 390.65 | 499.67 | OK | |
| r-release-linux-x86_64 | 1.0.2 | 79.76 | 358.19 | 437.95 | OK | |
| r-release-macos-arm64 | 1.0.2 | NOTE | ||||
| r-release-macos-x86_64 | 1.0.2 | NOTE | ||||
| r-release-windows-x86_64 | 1.0.2 | 153.00 | 462.00 | 615.00 | OK | |
| r-oldrel-macos-arm64 | 1.0.2 | NOTE | ||||
| r-oldrel-macos-x86_64 | 1.0.2 | NOTE | ||||
| r-oldrel-windows-ix86+x86_64 | 1.0.2 | 59.00 | 9.00 | 68.00 | ERROR | 
Version: 1.0.2
Check: whether package can be installed
Result: WARN
    Found the following significant warnings:
      landutils.cpp:114:9: warning: use of bitwise '&' with boolean operands [-Wbitwise-instead-of-logical]
      precipitation.cpp:136:21: warning: use of bitwise '|' with boolean operands [-Wbitwise-instead-of-logical]
      relativehumidity.cpp:97:10: warning: use of bitwise '|' with boolean operands [-Wbitwise-instead-of-logical]
      relativehumidity.cpp:114:10: warning: use of bitwise '|' with boolean operands [-Wbitwise-instead-of-logical]
      relativehumidity.cpp:204:21: warning: use of bitwise '|' with boolean operands [-Wbitwise-instead-of-logical]
      temperature.cpp:78:21: warning: use of bitwise '|' with boolean operands [-Wbitwise-instead-of-logical]
      wind.cpp:70:10: warning: use of bitwise '&' with boolean operands [-Wbitwise-instead-of-logical]
      wind.cpp:217:10: warning: use of bitwise '&' with boolean operands [-Wbitwise-instead-of-logical]
Flavors: r-devel-linux-x86_64-debian-clang, r-devel-linux-x86_64-fedora-clang
Version: 1.0.2
Check: data for non-ASCII characters
Result: NOTE
      Note: found 2 marked UTF-8 strings
Flavors: r-devel-linux-x86_64-fedora-clang, r-devel-linux-x86_64-fedora-gcc, r-release-macos-arm64, r-release-macos-x86_64, r-oldrel-macos-arm64, r-oldrel-macos-x86_64
Version: 1.0.2
Check: installed package size
Result: NOTE
      installed size is  6.5Mb
      sub-directories of 1Mb or more:
        libs   4.1Mb
Flavors: r-release-macos-arm64, r-release-macos-x86_64, r-oldrel-macos-arm64, r-oldrel-macos-x86_64
Version: 1.0.2
Check: whether package can be installed
Result: ERROR
    Installation failed.
Flavor: r-oldrel-windows-ix86+x86_64