Last updated on 2022-04-24 03:52:30 CEST.
Flavor | Version | Tinstall | Tcheck | Ttotal | Status | Flags |
---|---|---|---|---|---|---|
r-devel-linux-x86_64-debian-clang | 0.1.1 | 46.90 | 231.06 | 277.96 | OK | |
r-devel-linux-x86_64-debian-gcc | 0.1.1 | 40.34 | 143.43 | 183.77 | OK | |
r-devel-linux-x86_64-fedora-clang | 0.1.1 | 320.51 | NOTE | |||
r-devel-linux-x86_64-fedora-gcc | 0.1.1 | 353.85 | OK | |||
r-patched-linux-x86_64 | 0.1.1 | 45.01 | 184.35 | 229.36 | OK | |
r-release-linux-x86_64 | 0.1.1 | 48.23 | 297.47 | 345.70 | OK | |
r-release-macos-arm64 | 0.1.1 | NOTE | ||||
r-release-macos-x86_64 | 0.1.1 | NOTE | ||||
r-release-windows-x86_64 | 0.1.1 | 102.00 | 286.00 | 388.00 | NOTE | |
r-oldrel-macos-arm64 | 0.1.1 | NOTE | ||||
r-oldrel-macos-x86_64 | 0.1.1 | NOTE | ||||
r-oldrel-windows-ix86+x86_64 | 0.1.1 | 126.00 | 302.00 | 428.00 | NOTE |
Version: 0.1.1
Check: installed package size
Result: NOTE
installed size is 6.4Mb
sub-directories of 1Mb or more:
doc 2.3Mb
help 2.0Mb
libs 1.7Mb
Flavors: r-devel-linux-x86_64-fedora-clang, r-release-macos-arm64, r-release-macos-x86_64, r-release-windows-x86_64, r-oldrel-macos-arm64, r-oldrel-macos-x86_64, r-oldrel-windows-ix86+x86_64