Last updated on 2022-04-24 03:52:30 CEST.
Flavor | Version | Tinstall | Tcheck | Ttotal | Status | Flags |
---|---|---|---|---|---|---|
r-devel-linux-x86_64-debian-clang | 1.2.9 | 359.43 | 545.10 | 904.53 | WARN | |
r-devel-linux-x86_64-debian-gcc | 1.2.9 | 302.63 | 395.24 | 697.87 | OK | |
r-devel-linux-x86_64-fedora-clang | 1.2.9 | 1246.65 | WARN | |||
r-devel-linux-x86_64-fedora-gcc | 1.2.9 | 1115.30 | OK | |||
r-patched-linux-x86_64 | 1.2.9 | 307.04 | 519.23 | 826.27 | OK | |
r-release-linux-x86_64 | 1.2.9 | 324.57 | 551.01 | 875.58 | OK | |
r-release-macos-arm64 | 1.2.9 | NOTE | ||||
r-release-macos-x86_64 | 1.2.9 | NOTE | ||||
r-release-windows-x86_64 | 1.2.9 | 306.00 | 671.00 | 977.00 | NOTE | |
r-oldrel-macos-arm64 | 1.2.9 | NOTE | ||||
r-oldrel-macos-x86_64 | 1.2.9 | NOTE | ||||
r-oldrel-windows-ix86+x86_64 | 1.2.9 | 705.00 | 805.00 | 1510.00 | NOTE |
Version: 1.2.9
Check: whether package can be installed
Result: WARN
Found the following significant warnings:
fastcox.cpp:778:7: warning: use of bitwise '|' with boolean operands [-Wbitwise-instead-of-logical]
fastcox.cpp:779:7: warning: use of bitwise '|' with boolean operands [-Wbitwise-instead-of-logical]
fastcox.cpp:803:7: warning: use of bitwise '|' with boolean operands [-Wbitwise-instead-of-logical]
fastcox.cpp:804:7: warning: use of bitwise '|' with boolean operands [-Wbitwise-instead-of-logical]
fastcox.cpp:1735:77: warning: use of bitwise '&' with boolean operands [-Wbitwise-instead-of-logical]
fastcox.cpp:1735:42: warning: use of bitwise '&' with boolean operands [-Wbitwise-instead-of-logical]
Flavors: r-devel-linux-x86_64-debian-clang, r-devel-linux-x86_64-fedora-clang
Version: 1.2.9
Check: installed package size
Result: NOTE
installed size is 24.8Mb
sub-directories of 1Mb or more:
R 1.5Mb
data 2.8Mb
doc 4.1Mb
libs 15.5Mb
Flavors: r-devel-linux-x86_64-fedora-clang, r-release-macos-arm64, r-release-macos-x86_64, r-release-windows-x86_64, r-oldrel-macos-arm64, r-oldrel-macos-x86_64, r-oldrel-windows-ix86+x86_64