Last updated on 2022-04-24 03:52:30 CEST.
| Flavor | Version | Tinstall | Tcheck | Ttotal | Status | Flags | 
|---|---|---|---|---|---|---|
| r-devel-linux-x86_64-debian-clang | 1.13.1 | 135.81 | 197.81 | 333.62 | OK | |
| r-devel-linux-x86_64-debian-gcc | 1.13.1 | 110.50 | 141.51 | 252.01 | OK | |
| r-devel-linux-x86_64-fedora-clang | 1.13.1 | 442.85 | NOTE | |||
| r-devel-linux-x86_64-fedora-gcc | 1.13.1 | 389.10 | OK | |||
| r-patched-linux-x86_64 | 1.13.1 | 108.34 | 185.13 | 293.47 | OK | |
| r-release-linux-x86_64 | 1.13.1 | 81.83 | 183.01 | 264.84 | OK | |
| r-release-macos-arm64 | 1.13.1 | NOTE | ||||
| r-release-macos-x86_64 | 1.13.1 | NOTE | ||||
| r-release-windows-x86_64 | 1.13.1 | 137.00 | 241.00 | 378.00 | OK | |
| r-oldrel-macos-arm64 | 1.13.1 | NOTE | ||||
| r-oldrel-macos-x86_64 | 1.13.1 | NOTE | ||||
| r-oldrel-windows-ix86+x86_64 | 1.13.1 | 265.00 | 231.00 | 496.00 | OK | 
Version: 1.13.1
Check: installed package size
Result: NOTE
      installed size is  6.4Mb
      sub-directories of 1Mb or more:
        libs   4.7Mb
Flavors: r-devel-linux-x86_64-fedora-clang, r-release-macos-arm64, r-release-macos-x86_64, r-oldrel-macos-arm64, r-oldrel-macos-x86_64
Version: 1.13.1
Check: Rd cross-references
Result: NOTE
    Undeclared packages ‘hoa’, ‘evir’ in Rd xrefs
Flavor: r-devel-linux-x86_64-fedora-clang