Last updated on 2022-04-24 03:52:30 CEST.
Flavor | Version | Tinstall | Tcheck | Ttotal | Status | Flags |
---|---|---|---|---|---|---|
r-devel-linux-x86_64-debian-clang | 0.1.5 | 4.06 | 99.26 | 103.32 | NOTE | |
r-devel-linux-x86_64-debian-gcc | 0.1.5 | 3.32 | 72.28 | 75.60 | NOTE | |
r-devel-linux-x86_64-fedora-clang | 0.1.5 | 121.30 | NOTE | |||
r-devel-linux-x86_64-fedora-gcc | 0.1.5 | 105.66 | NOTE | |||
r-patched-linux-x86_64 | 0.1.5 | 3.17 | 93.22 | 96.39 | NOTE | |
r-release-linux-x86_64 | 0.1.5 | 3.16 | 90.44 | 93.60 | NOTE | |
r-release-macos-arm64 | 0.1.5 | NOTE | ||||
r-release-macos-x86_64 | 0.1.5 | NOTE | ||||
r-release-windows-x86_64 | 0.1.5 | 30.00 | 121.00 | 151.00 | NOTE | |
r-oldrel-macos-arm64 | 0.1.5 | NOTE | ||||
r-oldrel-macos-x86_64 | 0.1.5 | NOTE | ||||
r-oldrel-windows-ix86+x86_64 | 0.1.5 | 8.00 | 111.00 | 119.00 | NOTE |
Version: 0.1.5
Check: LazyData
Result: NOTE
'LazyData' is specified without a 'data' directory
Flavors: r-devel-linux-x86_64-debian-clang, r-devel-linux-x86_64-debian-gcc, r-devel-linux-x86_64-fedora-clang, r-devel-linux-x86_64-fedora-gcc, r-patched-linux-x86_64, r-release-linux-x86_64, r-release-macos-arm64, r-release-macos-x86_64, r-release-windows-x86_64, r-oldrel-macos-arm64, r-oldrel-macos-x86_64, r-oldrel-windows-ix86+x86_64
Version: 0.1.5
Check: dependencies in R code
Result: NOTE
Namespace in Imports field not imported from: ‘ECoL’
All declared Imports should be used.
Flavors: r-devel-linux-x86_64-fedora-clang, r-devel-linux-x86_64-fedora-gcc, r-release-macos-arm64, r-release-macos-x86_64, r-oldrel-macos-arm64, r-oldrel-macos-x86_64