Last updated on 2022-04-24 03:52:30 CEST.
Flavor | Version | Tinstall | Tcheck | Ttotal | Status | Flags |
---|---|---|---|---|---|---|
r-devel-linux-x86_64-debian-clang | 0.1.9 | 21.94 | 335.62 | 357.56 | NOTE | |
r-devel-linux-x86_64-debian-gcc | 0.1.9 | 17.87 | 239.84 | 257.71 | NOTE | |
r-devel-linux-x86_64-fedora-clang | 0.1.9 | 413.82 | NOTE | |||
r-devel-linux-x86_64-fedora-gcc | 0.1.9 | 397.62 | NOTE | |||
r-patched-linux-x86_64 | 0.1.9 | 28.34 | 311.89 | 340.23 | NOTE | |
r-release-linux-x86_64 | 0.1.9 | 20.73 | 292.12 | 312.85 | NOTE | |
r-release-macos-arm64 | 0.1.9 | NOTE | ||||
r-release-macos-x86_64 | 0.1.9 | NOTE | ||||
r-release-windows-x86_64 | 0.1.9 | 58.00 | 486.00 | 544.00 | NOTE | |
r-oldrel-macos-arm64 | 0.1.9 | NOTE | ||||
r-oldrel-macos-x86_64 | 0.1.9 | NOTE | ||||
r-oldrel-windows-ix86+x86_64 | 0.1.9 | 42.00 | 539.00 | 581.00 | NOTE |
Version: 0.1.9
Check: package dependencies
Result: NOTE
Package suggested but not available for checking: 'webshot2'
Flavors: r-devel-linux-x86_64-debian-clang, r-devel-linux-x86_64-debian-gcc, r-devel-linux-x86_64-fedora-clang, r-devel-linux-x86_64-fedora-gcc, r-patched-linux-x86_64, r-release-linux-x86_64, r-release-macos-arm64, r-release-macos-x86_64, r-release-windows-x86_64, r-oldrel-macos-arm64, r-oldrel-macos-x86_64, r-oldrel-windows-ix86+x86_64
Version: 0.1.9
Check: installed package size
Result: NOTE
installed size is 5.3Mb
sub-directories of 1Mb or more:
doc 4.6Mb
Flavors: r-devel-linux-x86_64-fedora-clang, r-release-macos-arm64, r-release-macos-x86_64, r-release-windows-x86_64, r-oldrel-macos-arm64, r-oldrel-macos-x86_64, r-oldrel-windows-ix86+x86_64