Last updated on 2022-04-24 03:52:30 CEST.
Flavor | Version | Tinstall | Tcheck | Ttotal | Status | Flags |
---|---|---|---|---|---|---|
r-devel-linux-x86_64-debian-clang | 0.1-1 | 85.65 | 1006.05 | 1091.70 | WARN | |
r-devel-linux-x86_64-debian-gcc | 0.1-1 | 71.92 | 718.87 | 790.79 | WARN | |
r-devel-linux-x86_64-fedora-clang | 0.1-1 | 1286.11 | WARN | |||
r-devel-linux-x86_64-fedora-gcc | 0.1-1 | 1238.20 | WARN | |||
r-patched-linux-x86_64 | 0.1-1 | 71.66 | 950.74 | 1022.40 | OK | |
r-release-linux-x86_64 | 0.1-1 | 75.01 | 904.92 | 979.93 | OK | |
r-release-macos-arm64 | 0.1-1 | NOTE | ||||
r-release-macos-x86_64 | 0.1-1 | WARN | ||||
r-release-windows-x86_64 | 0.1-1 | 96.00 | 966.00 | 1062.00 | OK | |
r-oldrel-macos-arm64 | 0.1-1 | NOTE | ||||
r-oldrel-macos-x86_64 | 0.1-1 | WARN | ||||
r-oldrel-windows-ix86+x86_64 | 0.1-1 | 184.00 | 1175.00 | 1359.00 | OK |
Version: 0.1-1
Check: Rd files
Result: WARN
checkRd: (7) mgwrsar-package.Rd:18: invalid email address: ghislain.geniaux hat inra.fr
checkRd: (7) mgwrsar-package.Rd:19: invalid email address: davide.martinetti hat inra.fr
Flavors: r-devel-linux-x86_64-debian-clang, r-devel-linux-x86_64-debian-gcc, r-devel-linux-x86_64-fedora-clang, r-devel-linux-x86_64-fedora-gcc
Version: 0.1-1
Check: installed package size
Result: NOTE
installed size is 19.2Mb
sub-directories of 1Mb or more:
doc 1.1Mb
libs 17.5Mb
Flavors: r-devel-linux-x86_64-fedora-clang, r-release-macos-arm64, r-release-macos-x86_64, r-oldrel-macos-arm64, r-oldrel-macos-x86_64
Version: 0.1-1
Check: Rd cross-references
Result: NOTE
Undeclared package ‘locfit’ in Rd xrefs
Flavor: r-devel-linux-x86_64-fedora-clang
Version: 0.1-1
Check: re-building of vignette outputs
Result: WARN
Error(s) in re-building vignettes:
...
--- re-building ‘mgwrsar-basic_examples.Rmd’ using rmarkdown
Warning in engine$weave(file, quiet = quiet, encoding = enc) :
Pandoc (>= 1.12.3) not available. Falling back to R Markdown v1.
Quitting from lines 91-94 (mgwrsar-basic_examples.Rmd)
Error: processing vignette 'mgwrsar-basic_examples.Rmd' failed with diagnostics:
invalid 'path' argument
--- failed re-building ‘mgwrsar-basic_examples.Rmd’
SUMMARY: processing the following file failed:
‘mgwrsar-basic_examples.Rmd’
Error: Vignette re-building failed.
Execution halted
Flavors: r-release-macos-x86_64, r-oldrel-macos-x86_64