Last updated on 2022-04-24 03:52:30 CEST.
Flavor | Version | Tinstall | Tcheck | Ttotal | Status | Flags |
---|---|---|---|---|---|---|
r-devel-linux-x86_64-debian-clang | 1.1 | 2.70 | 113.46 | 116.16 | NOTE | |
r-devel-linux-x86_64-debian-gcc | 1.1 | 2.37 | 84.85 | 87.22 | NOTE | |
r-devel-linux-x86_64-fedora-clang | 1.1 | 131.30 | NOTE | |||
r-devel-linux-x86_64-fedora-gcc | 1.1 | 117.55 | NOTE | |||
r-patched-linux-x86_64 | 1.1 | 3.49 | 106.88 | 110.37 | NOTE | |
r-release-linux-x86_64 | 1.1 | 2.96 | 104.60 | 107.56 | NOTE | |
r-release-macos-arm64 | 1.1 | NOTE | ||||
r-release-macos-x86_64 | 1.1 | NOTE | ||||
r-release-windows-x86_64 | 1.1 | 62.00 | 241.00 | 303.00 | NOTE | |
r-oldrel-macos-arm64 | 1.1 | NOTE | ||||
r-oldrel-macos-x86_64 | 1.1 | NOTE | ||||
r-oldrel-windows-ix86+x86_64 | 1.1 | 6.00 | 136.00 | 142.00 | NOTE |
Version: 1.1
Check: LazyData
Result: NOTE
'LazyData' is specified without a 'data' directory
Flavors: r-devel-linux-x86_64-debian-clang, r-devel-linux-x86_64-debian-gcc, r-devel-linux-x86_64-fedora-clang, r-devel-linux-x86_64-fedora-gcc, r-patched-linux-x86_64, r-release-linux-x86_64, r-release-macos-arm64, r-release-macos-x86_64, r-release-windows-x86_64, r-oldrel-macos-arm64, r-oldrel-macos-x86_64, r-oldrel-windows-ix86+x86_64