Last updated on 2022-04-24 03:52:30 CEST.
Flavor | Version | Tinstall | Tcheck | Ttotal | Status | Flags |
---|---|---|---|---|---|---|
r-devel-linux-x86_64-debian-clang | 0.4.16 | 5.27 | 62.47 | 67.74 | OK | |
r-devel-linux-x86_64-debian-gcc | 0.4.16 | 4.18 | 46.48 | 50.66 | OK | |
r-devel-linux-x86_64-fedora-clang | 0.4.16 | 85.57 | NOTE | |||
r-devel-linux-x86_64-fedora-gcc | 0.4.16 | 72.51 | NOTE | |||
r-patched-linux-x86_64 | 0.4.16 | 5.72 | 59.57 | 65.29 | OK | |
r-release-linux-x86_64 | 0.4.16 | 4.65 | 58.80 | 63.45 | OK | |
r-release-macos-arm64 | 0.4.16 | OK | ||||
r-release-macos-x86_64 | 0.4.16 | OK | ||||
r-release-windows-x86_64 | 0.4.16 | 41.00 | 103.00 | 144.00 | OK | |
r-oldrel-macos-arm64 | 0.4.16 | OK | ||||
r-oldrel-macos-x86_64 | 0.4.16 | OK | ||||
r-oldrel-windows-ix86+x86_64 | 0.4.16 | 10.00 | 96.00 | 106.00 | OK |
Version: 0.4.16
Check: compiled code
Result: NOTE
File ‘mhsmm/libs/mhsmm.so’:
Found no calls to: ‘R_registerRoutines’, ‘R_useDynamicSymbols’
It is good practice to register native routines and to disable symbol
search.
See ‘Writing portable packages’ in the ‘Writing R Extensions’ manual.
Flavors: r-devel-linux-x86_64-fedora-clang, r-devel-linux-x86_64-fedora-gcc