Last updated on 2022-04-24 03:52:30 CEST.
Flavor | Version | Tinstall | Tcheck | Ttotal | Status | Flags |
---|---|---|---|---|---|---|
r-devel-linux-x86_64-debian-clang | 1.8 | 35.69 | 343.44 | 379.13 | NOTE | |
r-devel-linux-x86_64-debian-gcc | 1.8 | 28.90 | 249.46 | 278.36 | NOTE | |
r-devel-linux-x86_64-fedora-clang | 1.8 | 461.17 | NOTE | |||
r-devel-linux-x86_64-fedora-gcc | 1.8 | 419.17 | NOTE | |||
r-patched-linux-x86_64 | 1.8 | 28.19 | 314.61 | 342.80 | NOTE | |
r-release-linux-x86_64 | 1.8 | 20.12 | 280.72 | 300.84 | NOTE | |
r-release-macos-arm64 | 1.8 | NOTE | ||||
r-release-macos-x86_64 | 1.8 | ERROR | ||||
r-release-windows-x86_64 | 1.8 | 39.00 | 321.00 | 360.00 | NOTE | |
r-oldrel-macos-arm64 | 1.8 | NOTE | ||||
r-oldrel-macos-x86_64 | 1.8 | ERROR | ||||
r-oldrel-windows-ix86+x86_64 | 1.8 | 70.00 | 308.00 | 378.00 | NOTE |
Version: 1.8
Check: DESCRIPTION meta-information
Result: NOTE
Malformed Description field: should contain one or more complete sentences.
Flavors: r-devel-linux-x86_64-debian-clang, r-devel-linux-x86_64-debian-gcc, r-devel-linux-x86_64-fedora-clang, r-devel-linux-x86_64-fedora-gcc, r-patched-linux-x86_64, r-release-linux-x86_64, r-release-macos-arm64, r-release-windows-x86_64, r-oldrel-macos-arm64, r-oldrel-windows-ix86+x86_64
Version: 1.8
Check: R code for possible problems
Result: NOTE
fisher.combination: no visible global function definition for 'pchisq'
gs.test: no visible global function definition for 'ks.test'
gs.test: no visible global function definition for 'wilcox.test'
gs.test: no visible global function definition for 'fisher.test'
inverse.normal.combination: no visible global function definition for
'qnorm'
inverse.normal.combination: no visible global function definition for
'pnorm'
limma.one.sided: no visible global function definition for 'pt'
Undefined global functions or variables:
fisher.test ks.test pchisq pnorm pt qnorm wilcox.test
Consider adding
importFrom("stats", "fisher.test", "ks.test", "pchisq", "pnorm", "pt",
"qnorm", "wilcox.test")
to your NAMESPACE file.
Flavors: r-devel-linux-x86_64-debian-clang, r-devel-linux-x86_64-debian-gcc, r-devel-linux-x86_64-fedora-clang, r-devel-linux-x86_64-fedora-gcc, r-patched-linux-x86_64, r-release-linux-x86_64, r-release-macos-arm64, r-release-windows-x86_64, r-oldrel-macos-arm64, r-oldrel-windows-ix86+x86_64
Version: 1.8
Check: package dependencies
Result: ERROR
Package required but not available: ‘GlobalAncova’
See section ‘The DESCRIPTION file’ in the ‘Writing R Extensions’
manual.
Flavors: r-release-macos-x86_64, r-oldrel-macos-x86_64