Last updated on 2022-04-24 03:52:30 CEST.
Flavor | Version | Tinstall | Tcheck | Ttotal | Status | Flags |
---|---|---|---|---|---|---|
r-devel-linux-x86_64-debian-clang | 0.8.1 | 118.65 | 99.55 | 218.20 | OK | |
r-devel-linux-x86_64-debian-gcc | 0.8.1 | 99.13 | 69.37 | 168.50 | OK | |
r-devel-linux-x86_64-fedora-clang | 0.8.1 | 308.62 | NOTE | |||
r-devel-linux-x86_64-fedora-gcc | 0.8.1 | 262.51 | OK | |||
r-patched-linux-x86_64 | 0.8.1 | 104.21 | 88.40 | 192.61 | OK | |
r-release-linux-x86_64 | 0.8.1 | 105.13 | 83.71 | 188.84 | OK | |
r-release-macos-arm64 | 0.8.1 | NOTE | ||||
r-release-macos-x86_64 | 0.8.1 | NOTE | ||||
r-release-windows-x86_64 | 0.8.1 | 98.00 | 137.00 | 235.00 | OK | |
r-oldrel-macos-arm64 | 0.8.1 | NOTE | ||||
r-oldrel-macos-x86_64 | 0.8.1 | NOTE | ||||
r-oldrel-windows-ix86+x86_64 | 0.8.1 | 266.00 | 159.00 | 425.00 | OK |
Version: 0.8.1
Check: installed package size
Result: NOTE
installed size is 7.6Mb
sub-directories of 1Mb or more:
doc 1.0Mb
libs 6.3Mb
Flavors: r-devel-linux-x86_64-fedora-clang, r-release-macos-arm64, r-release-macos-x86_64, r-oldrel-macos-arm64, r-oldrel-macos-x86_64