Last updated on 2022-04-24 03:52:30 CEST.
Flavor | Version | Tinstall | Tcheck | Ttotal | Status | Flags |
---|---|---|---|---|---|---|
r-devel-linux-x86_64-debian-clang | 0.1-1 | 1.47 | 30.41 | 31.88 | NOTE | |
r-devel-linux-x86_64-debian-gcc | 0.1-1 | 1.50 | 23.59 | 25.09 | NOTE | |
r-devel-linux-x86_64-fedora-clang | 0.1-1 | 40.10 | NOTE | |||
r-devel-linux-x86_64-fedora-gcc | 0.1-1 | 28.77 | NOTE | |||
r-patched-linux-x86_64 | 0.1-1 | 1.66 | 29.09 | 30.75 | NOTE | |
r-release-linux-x86_64 | 0.1-1 | 1.77 | 29.16 | 30.93 | NOTE | |
r-release-macos-arm64 | 0.1-1 | NOTE | ||||
r-release-macos-x86_64 | 0.1-1 | NOTE | ||||
r-release-windows-x86_64 | 0.1-1 | 12.00 | 50.00 | 62.00 | NOTE | |
r-oldrel-macos-arm64 | 0.1-1 | NOTE | ||||
r-oldrel-macos-x86_64 | 0.1-1 | NOTE | ||||
r-oldrel-windows-ix86+x86_64 | 0.1-1 | 5.00 | 26.00 | 31.00 | NOTE |
Version: 0.1-1
Check: LazyData
Result: NOTE
'LazyData' is specified without a 'data' directory
Flavors: r-devel-linux-x86_64-debian-clang, r-devel-linux-x86_64-debian-gcc, r-devel-linux-x86_64-fedora-clang, r-devel-linux-x86_64-fedora-gcc, r-patched-linux-x86_64, r-release-linux-x86_64, r-release-macos-arm64, r-release-macos-x86_64, r-release-windows-x86_64, r-oldrel-macos-arm64, r-oldrel-macos-x86_64, r-oldrel-windows-ix86+x86_64