Last updated on 2022-04-24 03:52:30 CEST.
Flavor | Version | Tinstall | Tcheck | Ttotal | Status | Flags |
---|---|---|---|---|---|---|
r-devel-linux-x86_64-debian-clang | 0.0.20 | 54.15 | 548.03 | 602.18 | OK | |
r-devel-linux-x86_64-debian-gcc | 0.0.20 | 42.43 | 400.27 | 442.70 | OK | |
r-devel-linux-x86_64-fedora-clang | 0.0.20 | 743.64 | NOTE | |||
r-devel-linux-x86_64-fedora-gcc | 0.0.20 | 730.70 | NOTE | |||
r-patched-linux-x86_64 | 0.0.20 | 48.39 | 507.28 | 555.67 | OK | |
r-release-linux-x86_64 | 0.0.20 | 43.62 | 457.37 | 500.99 | OK | |
r-release-macos-arm64 | 0.0.20 | NOTE | ||||
r-release-macos-x86_64 | 0.0.20 | NOTE | ||||
r-release-windows-x86_64 | 0.0.20 | 61.00 | 525.00 | 586.00 | OK | |
r-oldrel-macos-arm64 | 0.0.20 | NOTE | ||||
r-oldrel-macos-x86_64 | 0.0.20 | NOTE | ||||
r-oldrel-windows-ix86+x86_64 | 0.0.20 | 104.00 | 511.00 | 615.00 | OK |
Version: 0.0.20
Check: dependencies in R code
Result: NOTE
Namespace in Imports field not imported from: ‘testthat’
All declared Imports should be used.
Flavors: r-devel-linux-x86_64-fedora-clang, r-devel-linux-x86_64-fedora-gcc, r-release-macos-arm64, r-release-macos-x86_64, r-oldrel-macos-arm64, r-oldrel-macos-x86_64
Version: 0.0.20
Check: package dependencies
Result: NOTE
Package suggested but not available for checking: ‘dada2’
Flavors: r-release-macos-arm64, r-oldrel-macos-arm64
Version: 0.0.20
Check: package dependencies
Result: NOTE
Packages suggested but not available for checking: 'dada2', 'DECIPHER'
Flavors: r-release-macos-x86_64, r-oldrel-macos-x86_64