Last updated on 2022-04-24 03:52:30 CEST.
Flavor | Version | Tinstall | Tcheck | Ttotal | Status | Flags |
---|---|---|---|---|---|---|
r-devel-linux-x86_64-debian-clang | 1.2 | 5.48 | 83.93 | 89.41 | NOTE | |
r-devel-linux-x86_64-debian-gcc | 1.2 | 4.84 | 61.43 | 66.27 | NOTE | |
r-devel-linux-x86_64-fedora-clang | 1.2 | 108.02 | NOTE | |||
r-devel-linux-x86_64-fedora-gcc | 1.2 | 91.01 | NOTE | |||
r-patched-linux-x86_64 | 1.2 | 11.30 | 78.83 | 90.13 | NOTE | |
r-release-linux-x86_64 | 1.2 | 5.38 | 75.47 | 80.85 | NOTE | |
r-release-macos-arm64 | 1.2 | NOTE | ||||
r-release-macos-x86_64 | 1.2 | NOTE | ||||
r-release-windows-x86_64 | 1.2 | 25.00 | 108.00 | 133.00 | NOTE | |
r-oldrel-macos-arm64 | 1.2 | NOTE | ||||
r-oldrel-macos-x86_64 | 1.2 | NOTE | ||||
r-oldrel-windows-ix86+x86_64 | 1.2 | 14.00 | 84.00 | 98.00 | NOTE |
Version: 1.2
Check: package dependencies
Result: NOTE
Package suggested but not available for checking: 'microcontax.data'
Flavors: r-devel-linux-x86_64-debian-clang, r-devel-linux-x86_64-debian-gcc, r-devel-linux-x86_64-fedora-clang, r-devel-linux-x86_64-fedora-gcc, r-patched-linux-x86_64, r-release-linux-x86_64, r-release-macos-arm64, r-release-macos-x86_64, r-release-windows-x86_64, r-oldrel-macos-arm64, r-oldrel-macos-x86_64, r-oldrel-windows-ix86+x86_64
Version: 1.2
Check: Rd cross-references
Result: NOTE
Package unavailable to check Rd xrefs: 'microcontax.data'
Flavors: r-devel-linux-x86_64-debian-clang, r-devel-linux-x86_64-debian-gcc, r-devel-linux-x86_64-fedora-clang, r-devel-linux-x86_64-fedora-gcc, r-patched-linux-x86_64, r-release-linux-x86_64, r-release-macos-arm64, r-release-macos-x86_64, r-release-windows-x86_64, r-oldrel-macos-arm64, r-oldrel-macos-x86_64, r-oldrel-windows-ix86+x86_64