Last updated on 2022-04-24 03:52:30 CEST.
Flavor | Version | Tinstall | Tcheck | Ttotal | Status | Flags |
---|---|---|---|---|---|---|
r-devel-linux-x86_64-debian-clang | 0.7.5 | 46.13 | 173.00 | 219.13 | OK | |
r-devel-linux-x86_64-debian-gcc | 0.7.5 | 40.86 | 129.09 | 169.95 | OK | |
r-devel-linux-x86_64-fedora-clang | 0.7.5 | 271.45 | NOTE | |||
r-devel-linux-x86_64-fedora-gcc | 0.7.5 | 267.66 | OK | |||
r-patched-linux-x86_64 | 0.7.5 | 52.95 | 163.53 | 216.48 | OK | |
r-release-linux-x86_64 | 0.7.5 | 40.62 | 153.57 | 194.19 | OK | |
r-release-macos-arm64 | 0.7.5 | NOTE | ||||
r-release-macos-x86_64 | 0.7.5 | NOTE | ||||
r-release-windows-x86_64 | 0.7.5 | 54.00 | 176.00 | 230.00 | NOTE | |
r-oldrel-macos-arm64 | 0.7.5 | NOTE | ||||
r-oldrel-macos-x86_64 | 0.7.5 | NOTE | ||||
r-oldrel-windows-ix86+x86_64 | 0.7.5 | 76.00 | 179.00 | 255.00 | NOTE |
Version: 0.7.5
Check: installed package size
Result: NOTE
installed size is 5.1Mb
sub-directories of 1Mb or more:
data 3.9Mb
Flavors: r-devel-linux-x86_64-fedora-clang, r-release-macos-arm64, r-release-macos-x86_64, r-release-windows-x86_64, r-oldrel-macos-arm64, r-oldrel-macos-x86_64, r-oldrel-windows-ix86+x86_64