Last updated on 2022-04-24 03:52:30 CEST.
Flavor | Version | Tinstall | Tcheck | Ttotal | Status | Flags |
---|---|---|---|---|---|---|
r-devel-linux-x86_64-debian-clang | 0.1.2 | 3.38 | 40.95 | 44.33 | OK | |
r-devel-linux-x86_64-debian-gcc | 0.1.2 | 2.32 | 31.44 | 33.76 | OK | |
r-devel-linux-x86_64-fedora-clang | 0.1.2 | 52.77 | NOTE | |||
r-devel-linux-x86_64-fedora-gcc | 0.1.2 | 40.38 | NOTE | |||
r-patched-linux-x86_64 | 0.1.2 | 3.03 | 38.68 | 41.71 | OK | |
r-release-linux-x86_64 | 0.1.2 | 1.85 | 37.28 | 39.13 | OK | |
r-release-macos-arm64 | 0.1.2 | NOTE | ||||
r-release-macos-x86_64 | 0.1.2 | NOTE | ||||
r-release-windows-x86_64 | 0.1.2 | 98.00 | 55.00 | 153.00 | OK | |
r-oldrel-macos-arm64 | 0.1.2 | NOTE | ||||
r-oldrel-macos-x86_64 | 0.1.2 | NOTE | ||||
r-oldrel-windows-ix86+x86_64 | 0.1.2 | 8.00 | 46.00 | 54.00 | OK |
Version: 0.1.2
Check: dependencies in R code
Result: NOTE
Namespaces in Imports field not imported from:
‘config’ ‘desc’ ‘dplyr’ ‘glue’ ‘withr’
All declared Imports should be used.
Flavors: r-devel-linux-x86_64-fedora-clang, r-devel-linux-x86_64-fedora-gcc, r-release-macos-arm64, r-release-macos-x86_64, r-oldrel-macos-arm64, r-oldrel-macos-x86_64