Last updated on 2022-04-24 03:52:30 CEST.
Flavor | Version | Tinstall | Tcheck | Ttotal | Status | Flags |
---|---|---|---|---|---|---|
r-devel-linux-x86_64-debian-clang | 1.3.7 | 85.48 | 87.64 | 173.12 | OK | |
r-devel-linux-x86_64-debian-gcc | 1.3.7 | 71.92 | 66.38 | 138.30 | OK | |
r-devel-linux-x86_64-fedora-clang | 1.3.7 | 241.04 | NOTE | |||
r-devel-linux-x86_64-fedora-gcc | 1.3.7 | 206.66 | OK | |||
r-patched-linux-x86_64 | 1.3.7 | 80.39 | 82.67 | 163.06 | OK | |
r-release-linux-x86_64 | 1.3.7 | 76.83 | 77.29 | 154.12 | OK | |
r-release-macos-arm64 | 1.3.7 | NOTE | ||||
r-release-macos-x86_64 | 1.3.7 | NOTE | ||||
r-release-windows-x86_64 | 1.3.7 | 666.00 | 129.00 | 795.00 | NOTE | |
r-oldrel-macos-arm64 | 1.3.7 | NOTE | ||||
r-oldrel-macos-x86_64 | 1.3.7 | NOTE | ||||
r-oldrel-windows-ix86+x86_64 | 1.3.7 | 208.00 | 126.00 | 334.00 | NOTE |
Version: 1.3.7
Check: installed package size
Result: NOTE
installed size is 15.5Mb
sub-directories of 1Mb or more:
doc 6.0Mb
lib 5.9Mb
libs 2.8Mb
Flavors: r-devel-linux-x86_64-fedora-clang, r-release-macos-arm64, r-release-macos-x86_64, r-release-windows-x86_64, r-oldrel-macos-arm64, r-oldrel-macos-x86_64, r-oldrel-windows-ix86+x86_64