Last updated on 2022-04-24 03:52:30 CEST.
Flavor | Version | Tinstall | Tcheck | Ttotal | Status | Flags |
---|---|---|---|---|---|---|
r-devel-linux-x86_64-debian-clang | 3.1.1 | 6.21 | 52.49 | 58.70 | NOTE | |
r-devel-linux-x86_64-debian-gcc | 3.1.1 | 4.97 | 40.78 | 45.75 | NOTE | |
r-devel-linux-x86_64-fedora-clang | 3.1.1 | 73.60 | NOTE | |||
r-devel-linux-x86_64-fedora-gcc | 3.1.1 | 61.55 | NOTE | |||
r-patched-linux-x86_64 | 3.1.1 | 6.05 | 52.33 | 58.38 | NOTE | |
r-release-linux-x86_64 | 3.1.1 | 6.34 | 51.41 | 57.75 | NOTE | |
r-release-macos-arm64 | 3.1.1 | NOTE | ||||
r-release-macos-x86_64 | 3.1.1 | NOTE | ||||
r-release-windows-x86_64 | 3.1.1 | 17.00 | 64.00 | 81.00 | NOTE | |
r-oldrel-macos-arm64 | 3.1.1 | NOTE | ||||
r-oldrel-macos-x86_64 | 3.1.1 | NOTE | ||||
r-oldrel-windows-ix86+x86_64 | 3.1.1 | 11.00 | 57.00 | 68.00 | NOTE |
Version: 3.1.1
Check: LazyData
Result: NOTE
'LazyData' is specified without a 'data' directory
Flavors: r-devel-linux-x86_64-debian-clang, r-devel-linux-x86_64-debian-gcc, r-devel-linux-x86_64-fedora-clang, r-devel-linux-x86_64-fedora-gcc, r-patched-linux-x86_64, r-release-linux-x86_64, r-release-macos-arm64, r-release-macos-x86_64, r-release-windows-x86_64, r-oldrel-macos-arm64, r-oldrel-macos-x86_64, r-oldrel-windows-ix86+x86_64