Last updated on 2022-04-24 03:52:30 CEST.
Flavor | Version | Tinstall | Tcheck | Ttotal | Status | Flags |
---|---|---|---|---|---|---|
r-devel-linux-x86_64-debian-clang | 0.2.0 | 2.67 | 77.39 | 80.06 | NOTE | |
r-devel-linux-x86_64-debian-gcc | 0.2.0 | 2.13 | 57.66 | 59.79 | NOTE | |
r-devel-linux-x86_64-fedora-clang | 0.2.0 | 96.44 | NOTE | |||
r-devel-linux-x86_64-fedora-gcc | 0.2.0 | 82.93 | NOTE | |||
r-patched-linux-x86_64 | 0.2.0 | 8.55 | 72.65 | 81.20 | NOTE | |
r-release-linux-x86_64 | 0.2.0 | 1.78 | 70.69 | 72.47 | NOTE | |
r-release-macos-arm64 | 0.2.0 | NOTE | ||||
r-release-macos-x86_64 | 0.2.0 | NOTE | ||||
r-release-windows-x86_64 | 0.2.0 | 8.00 | 91.00 | 99.00 | NOTE | |
r-oldrel-macos-arm64 | 0.2.0 | NOTE | ||||
r-oldrel-macos-x86_64 | 0.2.0 | NOTE | ||||
r-oldrel-windows-ix86+x86_64 | 0.2.0 | 6.00 | 89.00 | 95.00 | NOTE |
Version: 0.2.0
Check: LazyData
Result: NOTE
'LazyData' is specified without a 'data' directory
Flavors: r-devel-linux-x86_64-debian-clang, r-devel-linux-x86_64-debian-gcc, r-devel-linux-x86_64-fedora-clang, r-devel-linux-x86_64-fedora-gcc, r-patched-linux-x86_64, r-release-linux-x86_64, r-release-macos-arm64, r-release-macos-x86_64, r-release-windows-x86_64, r-oldrel-macos-arm64, r-oldrel-macos-x86_64, r-oldrel-windows-ix86+x86_64