Last updated on 2022-04-24 03:52:30 CEST.
Flavor | Version | Tinstall | Tcheck | Ttotal | Status | Flags |
---|---|---|---|---|---|---|
r-devel-linux-x86_64-debian-clang | 0.3.0 | 2.27 | 35.91 | 38.18 | NOTE | |
r-devel-linux-x86_64-debian-gcc | 0.3.0 | 2.25 | 27.28 | 29.53 | NOTE | |
r-devel-linux-x86_64-fedora-clang | 0.3.0 | 47.55 | NOTE | |||
r-devel-linux-x86_64-fedora-gcc | 0.3.0 | 34.86 | NOTE | |||
r-patched-linux-x86_64 | 0.3.0 | 3.18 | 34.68 | 37.86 | NOTE | |
r-release-linux-x86_64 | 0.3.0 | 2.68 | 33.39 | 36.07 | NOTE | |
r-release-macos-arm64 | 0.3.0 | NOTE | ||||
r-release-macos-x86_64 | 0.3.0 | NOTE | ||||
r-release-windows-x86_64 | 0.3.0 | 173.00 | 55.00 | 228.00 | NOTE | |
r-oldrel-macos-arm64 | 0.3.0 | NOTE | ||||
r-oldrel-macos-x86_64 | 0.3.0 | NOTE | ||||
r-oldrel-windows-ix86+x86_64 | 0.3.0 | 5.00 | 44.00 | 49.00 | NOTE |
Version: 0.3.0
Check: R code for possible problems
Result: NOTE
migration.cv.in : <anonymous>: no visible global function definition
for 'sd'
migration.cv.out : <anonymous>: no visible global function definition
for 'sd'
migration.field.diagram: no visible global function definition for
'lines'
migration.field.diagram: no visible global function definition for
'text'
migration.field.diagram: no visible global function definition for
'polygon'
migration.field.diagram: no visible global function definition for 'lm'
migration.field.diagram: no visible global function definition for
'predict'
migration.field.diagram: no visible global function definition for
'points'
migration.field.diagram: no visible global function definition for
'resid'
migration.field.diagram: no visible global function definition for
'coef'
migration.field.diagram: no visible global function definition for
'mtext'
migration.field.diagram: no visible global function definition for
'density'
migration.field.diagram: no visible global function definition for
'rug'
migration.gini.col : <anonymous>: no visible global function definition
for 'dist'
migration.gini.in : <anonymous>: no visible global function definition
for 'dist'
migration.gini.out : <anonymous>: no visible global function definition
for 'dist'
migration.gini.row : <anonymous>: no visible global function definition
for 'dist'
migration.gini.total: no visible global function definition for 'dist'
Undefined global functions or variables:
coef density dist lines lm mtext points polygon predict resid rug sd
text
Consider adding
importFrom("graphics", "lines", "mtext", "points", "polygon", "rug",
"text")
importFrom("stats", "coef", "density", "dist", "lm", "predict",
"resid", "sd")
to your NAMESPACE file.
Flavors: r-devel-linux-x86_64-debian-clang, r-devel-linux-x86_64-debian-gcc, r-devel-linux-x86_64-fedora-clang, r-devel-linux-x86_64-fedora-gcc, r-patched-linux-x86_64, r-release-linux-x86_64, r-release-macos-arm64, r-release-macos-x86_64, r-release-windows-x86_64, r-oldrel-macos-arm64, r-oldrel-macos-x86_64, r-oldrel-windows-ix86+x86_64