Last updated on 2022-04-24 03:52:30 CEST.
Flavor | Version | Tinstall | Tcheck | Ttotal | Status | Flags |
---|---|---|---|---|---|---|
r-devel-linux-x86_64-debian-clang | 1.5.3 | 96.99 | 52.42 | 149.41 | OK | |
r-devel-linux-x86_64-debian-gcc | 1.5.3 | 79.21 | 39.42 | 118.63 | OK | |
r-devel-linux-x86_64-fedora-clang | 1.5.3 | 231.45 | OK | |||
r-devel-linux-x86_64-fedora-gcc | 1.5.3 | 186.72 | OK | |||
r-patched-linux-x86_64 | 1.5.3 | 87.60 | 50.28 | 137.88 | OK | |
r-release-linux-x86_64 | 1.5.3 | 86.34 | 48.49 | 134.83 | OK | |
r-release-macos-arm64 | 1.5.3 | NOTE | ||||
r-release-macos-x86_64 | 1.5.3 | NOTE | ||||
r-release-windows-x86_64 | 1.5.3 | 86.00 | 88.00 | 174.00 | ERROR | |
r-oldrel-macos-arm64 | 1.5.3 | NOTE | ||||
r-oldrel-macos-x86_64 | 1.5.3 | NOTE | ||||
r-oldrel-windows-ix86+x86_64 | 1.5.3 | 234.00 | 90.00 | 324.00 | OK |
Version: 1.5.3
Check: installed package size
Result: NOTE
installed size is 7.4Mb
sub-directories of 1Mb or more:
libs 7.1Mb
Flavors: r-release-macos-arm64, r-release-macos-x86_64, r-oldrel-macos-arm64, r-oldrel-macos-x86_64
Version: 1.5.3
Check: examples
Result: ERROR
Running examples in 'miic-Ex.R' failed
The error most likely occurred in:
> ### Name: discretizeMutual
> ### Title: Iterative dynamic programming for (conditional) mutual
> ### information through optimized discretization.
> ### Aliases: discretizeMutual
>
> ### ** Examples
>
> library(miic)
> N <- 1000
> # Dependence, conditional independence : X <- Z -> Y
> Z <- runif(N)
> X <- Z * 2 + rnorm(N, sd = 0.2)
> Y <- Z * 2 + rnorm(N, sd = 0.2)
> res <- discretizeMutual(X, Y, plot = FALSE)
Flavor: r-release-windows-x86_64