Last updated on 2022-04-24 03:52:30 CEST.
Flavor | Version | Tinstall | Tcheck | Ttotal | Status | Flags |
---|---|---|---|---|---|---|
r-devel-linux-x86_64-debian-clang | 0.3.1 | 94.73 | 162.47 | 257.20 | NOTE | |
r-devel-linux-x86_64-debian-gcc | 0.3.1 | 80.84 | 125.61 | 206.45 | NOTE | |
r-devel-linux-x86_64-fedora-clang | 0.3.1 | 364.86 | NOTE | |||
r-devel-linux-x86_64-fedora-gcc | 0.3.1 | 323.89 | NOTE | |||
r-patched-linux-x86_64 | 0.3.1 | 90.70 | 149.17 | 239.87 | NOTE | |
r-release-linux-x86_64 | 0.3.1 | 86.94 | 136.49 | 223.43 | NOTE | |
r-release-macos-arm64 | 0.3.1 | NOTE | ||||
r-release-macos-x86_64 | 0.3.1 | NOTE | ||||
r-release-windows-x86_64 | 0.3.1 | 83.00 | 229.00 | 312.00 | NOTE | |
r-oldrel-macos-arm64 | 0.3.1 | NOTE | ||||
r-oldrel-macos-x86_64 | 0.3.1 | NOTE | ||||
r-oldrel-windows-ix86+x86_64 | 0.3.1 | 246.00 | 226.00 | 472.00 | NOTE |
Version: 0.3.1
Check: LazyData
Result: NOTE
'LazyData' is specified without a 'data' directory
Flavors: r-devel-linux-x86_64-debian-clang, r-devel-linux-x86_64-debian-gcc, r-devel-linux-x86_64-fedora-clang, r-devel-linux-x86_64-fedora-gcc, r-patched-linux-x86_64, r-release-linux-x86_64, r-release-macos-arm64, r-release-macos-x86_64, r-release-windows-x86_64, r-oldrel-macos-arm64, r-oldrel-macos-x86_64, r-oldrel-windows-ix86+x86_64