Last updated on 2022-04-24 03:52:30 CEST.
Flavor | Version | Tinstall | Tcheck | Ttotal | Status | Flags |
---|---|---|---|---|---|---|
r-devel-linux-x86_64-debian-clang | 0.8-1 | 3.91 | 98.45 | 102.36 | NOTE | |
r-devel-linux-x86_64-debian-gcc | 0.8-1 | 2.98 | 72.54 | 75.52 | NOTE | |
r-devel-linux-x86_64-fedora-clang | 0.8-1 | 123.37 | NOTE | |||
r-devel-linux-x86_64-fedora-gcc | 0.8-1 | 107.19 | NOTE | |||
r-patched-linux-x86_64 | 0.8-1 | 3.44 | 93.50 | 96.94 | NOTE | |
r-release-linux-x86_64 | 0.8-1 | 3.51 | 84.73 | 88.24 | NOTE | |
r-release-macos-arm64 | 0.8-1 | NOTE | ||||
r-release-macos-x86_64 | 0.8-1 | NOTE | ||||
r-release-windows-x86_64 | 0.8-1 | 19.00 | 155.00 | 174.00 | NOTE | |
r-oldrel-macos-arm64 | 0.8-1 | NOTE | ||||
r-oldrel-macos-x86_64 | 0.8-1 | NOTE | ||||
r-oldrel-windows-ix86+x86_64 | 0.8-1 | 7.00 | 136.00 | 143.00 | NOTE |
Version: 0.8-1
Check: LazyData
Result: NOTE
'LazyData' is specified without a 'data' directory
Flavors: r-devel-linux-x86_64-debian-clang, r-devel-linux-x86_64-debian-gcc, r-devel-linux-x86_64-fedora-clang, r-devel-linux-x86_64-fedora-gcc, r-patched-linux-x86_64, r-release-linux-x86_64, r-release-macos-arm64, r-release-macos-x86_64, r-release-windows-x86_64, r-oldrel-macos-arm64, r-oldrel-macos-x86_64, r-oldrel-windows-ix86+x86_64
Version: 0.8-1
Check: for non-standard things in the check directory
Result: NOTE
Found the following files/directories:
'glycolysis.xml' 'glycolysis_desc.tsv' 'glycolysis_met.tsv'
'glycolysis_react.tsv'
Flavors: r-devel-linux-x86_64-debian-clang, r-devel-linux-x86_64-debian-gcc, r-devel-linux-x86_64-fedora-clang, r-devel-linux-x86_64-fedora-gcc, r-patched-linux-x86_64, r-release-linux-x86_64