Last updated on 2022-04-24 03:52:30 CEST.
Flavor | Version | Tinstall | Tcheck | Ttotal | Status | Flags |
---|---|---|---|---|---|---|
r-devel-linux-x86_64-debian-clang | 1.36.1 | 146.06 | 250.28 | 396.34 | OK | |
r-devel-linux-x86_64-debian-gcc | 1.36.1 | 120.94 | 180.00 | 300.94 | OK | |
r-devel-linux-x86_64-fedora-clang | 1.36.1 | 511.55 | NOTE | |||
r-devel-linux-x86_64-fedora-gcc | 1.36.1 | 477.71 | OK | |||
r-patched-linux-x86_64 | 1.36.1 | 133.87 | 237.21 | 371.08 | OK | |
r-release-linux-x86_64 | 1.36.1 | 130.42 | 231.66 | 362.08 | OK | |
r-release-macos-arm64 | 1.36.1 | NOTE | ||||
r-release-macos-x86_64 | 1.36.1 | NOTE | ||||
r-release-windows-x86_64 | 1.36.1 | 147.00 | 277.00 | 424.00 | OK | |
r-oldrel-macos-arm64 | 1.36.1 | NOTE | ||||
r-oldrel-macos-x86_64 | 1.36.1 | NOTE | ||||
r-oldrel-windows-ix86+x86_64 | 1.36.1 | 292.00 | 328.00 | 620.00 | NOTE |
Version: 1.36.1
Check: installed package size
Result: NOTE
installed size is 7.1Mb
sub-directories of 1Mb or more:
R 1.5Mb
libs 4.9Mb
Flavors: r-devel-linux-x86_64-fedora-clang, r-release-macos-arm64, r-release-macos-x86_64, r-oldrel-macos-arm64, r-oldrel-macos-x86_64, r-oldrel-windows-ix86+x86_64