Last updated on 2022-04-24 03:52:30 CEST.
Flavor | Version | Tinstall | Tcheck | Ttotal | Status | Flags |
---|---|---|---|---|---|---|
r-devel-linux-x86_64-debian-clang | 0.1-5 | 11.53 | 97.22 | 108.75 | OK | |
r-devel-linux-x86_64-debian-gcc | 0.1-5 | 9.43 | 71.83 | 81.26 | OK | |
r-devel-linux-x86_64-fedora-clang | 0.1-5 | 133.51 | NOTE | |||
r-devel-linux-x86_64-fedora-gcc | 0.1-5 | 119.73 | OK | |||
r-patched-linux-x86_64 | 0.1-5 | 12.33 | 90.06 | 102.39 | OK | |
r-release-linux-x86_64 | 0.1-5 | 11.17 | 87.57 | 98.74 | OK | |
r-release-macos-arm64 | 0.1-5 | NOTE | ||||
r-release-macos-x86_64 | 0.1-5 | NOTE | ||||
r-release-windows-x86_64 | 0.1-5 | 26.00 | 111.00 | 137.00 | NOTE | |
r-oldrel-macos-arm64 | 0.1-5 | NOTE | ||||
r-oldrel-macos-x86_64 | 0.1-5 | NOTE | ||||
r-oldrel-windows-ix86+x86_64 | 0.1-5 | 34.00 | 136.00 | 170.00 | OK |
Version: 0.1-5
Check: Rd cross-references
Result: NOTE
Undeclared packages ‘pspline’, ‘lme4’ in Rd xrefs
Flavor: r-devel-linux-x86_64-fedora-clang
Version: 0.1-5
Check: package dependencies
Result: NOTE
Packages suggested but not available for checking: 'mixAK', 'BRugs'
Flavors: r-release-macos-arm64, r-release-macos-x86_64, r-oldrel-macos-arm64, r-oldrel-macos-x86_64
Version: 0.1-5
Check: Rd cross-references
Result: NOTE
Package unavailable to check Rd xrefs: ‘mixAK’
Flavors: r-release-macos-arm64, r-release-macos-x86_64, r-oldrel-macos-arm64, r-oldrel-macos-x86_64
Version: 0.1-5
Check: package dependencies
Result: NOTE
Package suggested but not available for checking: 'BRugs'
Flavor: r-release-windows-x86_64