Last updated on 2022-04-24 03:52:30 CEST.
Flavor | Version | Tinstall | Tcheck | Ttotal | Status | Flags |
---|---|---|---|---|---|---|
r-devel-linux-x86_64-debian-clang | 0.6-26 | 3.17 | 38.65 | 41.82 | OK | |
r-devel-linux-x86_64-debian-gcc | 0.6-26 | 2.19 | 29.58 | 31.77 | OK | |
r-devel-linux-x86_64-fedora-clang | 0.6-26 | 50.41 | NOTE | |||
r-devel-linux-x86_64-fedora-gcc | 0.6-26 | 40.45 | OK | |||
r-patched-linux-x86_64 | 0.6-26 | 3.25 | 37.59 | 40.84 | OK | |
r-release-linux-x86_64 | 0.6-26 | 2.26 | 36.82 | 39.08 | OK | |
r-release-macos-arm64 | 0.6-26 | OK | ||||
r-release-macos-x86_64 | 0.6-26 | OK | ||||
r-release-windows-x86_64 | 0.6-26 | 31.00 | 57.00 | 88.00 | OK | |
r-oldrel-macos-arm64 | 0.6-26 | OK | ||||
r-oldrel-macos-x86_64 | 0.6-26 | OK | ||||
r-oldrel-windows-ix86+x86_64 | 0.6-26 | 6.00 | 44.00 | 50.00 | OK |
Version: 0.6-26
Check: Rd cross-references
Result: NOTE
Undeclared package ‘maxLik’ in Rd xrefs
Flavor: r-devel-linux-x86_64-fedora-clang