Last updated on 2022-04-24 03:52:31 CEST.
Flavor | Version | Tinstall | Tcheck | Ttotal | Status | Flags |
---|---|---|---|---|---|---|
r-devel-linux-x86_64-debian-clang | 0.1.1 | 4.34 | 42.07 | 46.41 | OK | --no-vignettes |
r-devel-linux-x86_64-debian-gcc | 0.1.1 | 3.01 | 31.79 | 34.80 | OK | --no-vignettes |
r-devel-linux-x86_64-fedora-clang | 0.1.1 | 1028.66 | NOTE | |||
r-devel-linux-x86_64-fedora-gcc | 0.1.1 | 997.08 | OK | |||
r-patched-linux-x86_64 | 0.1.1 | 3.94 | 40.03 | 43.97 | OK | --no-vignettes |
r-release-linux-x86_64 | 0.1.1 | 3.60 | 39.31 | 42.91 | OK | --no-vignettes |
r-release-macos-arm64 | 0.1.1 | OK | ||||
r-release-macos-x86_64 | 0.1.1 | OK | ||||
r-release-windows-x86_64 | 0.1.1 | 19.00 | 56.00 | 75.00 | OK | --no-vignettes |
r-oldrel-macos-arm64 | 0.1.1 | OK | ||||
r-oldrel-macos-x86_64 | 0.1.1 | OK | ||||
r-oldrel-windows-ix86+x86_64 | 0.1.1 | 8.00 | 36.00 | 44.00 | OK | --no-vignettes |
Version: 0.1.1
Check: Rd cross-references
Result: NOTE
Undeclared package ‘list’ in Rd xrefs
Flavor: r-devel-linux-x86_64-fedora-clang