Last updated on 2022-04-24 03:52:31 CEST.
Flavor | Version | Tinstall | Tcheck | Ttotal | Status | Flags |
---|---|---|---|---|---|---|
r-devel-linux-x86_64-debian-clang | 1.4.1 | 23.69 | 359.62 | 383.31 | OK | |
r-devel-linux-x86_64-debian-gcc | 1.4.1 | 16.26 | 254.17 | 270.43 | OK | |
r-devel-linux-x86_64-fedora-clang | 1.4.1 | 431.82 | NOTE | |||
r-devel-linux-x86_64-fedora-gcc | 1.4.1 | 415.19 | NOTE | |||
r-patched-linux-x86_64 | 1.4.1 | 27.03 | 327.83 | 354.86 | OK | |
r-release-linux-x86_64 | 1.4.1 | 25.02 | 334.06 | 359.08 | OK | |
r-release-macos-arm64 | 1.4.1 | NOTE | ||||
r-release-macos-x86_64 | 1.4.1 | NOTE | ||||
r-release-windows-x86_64 | 1.4.1 | 41.00 | 368.00 | 409.00 | OK | |
r-oldrel-macos-arm64 | 1.4.1 | NOTE | ||||
r-oldrel-macos-x86_64 | 1.4.1 | NOTE | ||||
r-oldrel-windows-ix86+x86_64 | 1.4.1 | 40.00 | 377.00 | 417.00 | OK |
Version: 1.4.1
Check: dependencies in R code
Result: NOTE
Namespace in Imports field not imported from: ‘mcmcr’
All declared Imports should be used.
Flavors: r-devel-linux-x86_64-fedora-clang, r-devel-linux-x86_64-fedora-gcc, r-release-macos-arm64, r-release-macos-x86_64, r-oldrel-macos-arm64, r-oldrel-macos-x86_64