Last updated on 2022-04-24 03:52:31 CEST.
Flavor | Version | Tinstall | Tcheck | Ttotal | Status | Flags |
---|---|---|---|---|---|---|
r-devel-linux-x86_64-debian-clang | 2.4 | 3.10 | 47.70 | 50.80 | OK | |
r-devel-linux-x86_64-debian-gcc | 2.4 | 1.85 | 36.11 | 37.96 | OK | |
r-devel-linux-x86_64-fedora-clang | 2.4 | 61.84 | OK | |||
r-devel-linux-x86_64-fedora-gcc | 2.4 | 49.22 | OK | |||
r-patched-linux-x86_64 | 2.4 | 2.98 | 45.92 | 48.90 | OK | |
r-release-linux-x86_64 | 2.4 | 2.86 | 43.15 | 46.01 | OK | |
r-release-macos-arm64 | 2.4 | NOTE | ||||
r-release-macos-x86_64 | 2.4 | OK | ||||
r-release-windows-x86_64 | 2.4 | 17.00 | 68.00 | 85.00 | OK | |
r-oldrel-macos-arm64 | 2.4 | NOTE | ||||
r-oldrel-macos-x86_64 | 2.4 | OK | ||||
r-oldrel-windows-ix86+x86_64 | 2.4 | 7.00 | 54.00 | 61.00 | OK |
Version: 2.4
Check: package dependencies
Result: NOTE
Package suggested but not available for checking: ‘RODBC’
Flavors: r-release-macos-arm64, r-oldrel-macos-arm64