Last updated on 2022-04-24 03:52:31 CEST.
Flavor | Version | Tinstall | Tcheck | Ttotal | Status | Flags |
---|---|---|---|---|---|---|
r-devel-linux-x86_64-debian-clang | 5.4 | 86.28 | 201.28 | 287.56 | OK | |
r-devel-linux-x86_64-debian-gcc | 5.4 | 62.57 | 145.62 | 208.19 | OK | |
r-devel-linux-x86_64-fedora-clang | 5.4 | 356.67 | NOTE | |||
r-devel-linux-x86_64-fedora-gcc | 5.4 | 325.54 | OK | |||
r-patched-linux-x86_64 | 5.4 | 64.39 | 188.39 | 252.78 | OK | |
r-release-linux-x86_64 | 5.4 | 48.97 | 184.03 | 233.00 | OK | |
r-release-windows-x86_64 | 5.4 | 118.00 | 188.00 | 306.00 | OK | |
r-oldrel-windows-ix86+x86_64 | 5.4 | 186.00 | 239.00 | 425.00 | OK |
Version: 5.4
Check: Rd cross-references
Result: NOTE
Undeclared package ‘mvtnorm’ in Rd xrefs
Flavor: r-devel-linux-x86_64-fedora-clang